Last updated on 2025-07-16 07:49:13 CEST.
Flavor | Version | Tinstall | Tcheck | Ttotal | Status | Flags |
---|---|---|---|---|---|---|
r-devel-linux-x86_64-debian-clang | 1.4.0 | 11.48 | 409.41 | 420.89 | OK | |
r-devel-linux-x86_64-debian-gcc | 1.4.0 | 7.61 | 314.09 | 321.70 | OK | |
r-devel-linux-x86_64-fedora-clang | 1.4.0 | 647.05 | OK | |||
r-devel-linux-x86_64-fedora-gcc | 1.4.0 | 595.31 | OK | |||
r-devel-windows-x86_64 | 1.4.0 | 13.00 | 472.00 | 485.00 | OK | |
r-patched-linux-x86_64 | 1.4.0 | 12.61 | 387.67 | 400.28 | OK | |
r-release-linux-x86_64 | 1.4.0 | 10.15 | 390.10 | 400.25 | OK | |
r-release-macos-arm64 | 1.4.0 | 228.00 | OK | |||
r-release-macos-x86_64 | 1.4.0 | 272.00 | OK | |||
r-release-windows-x86_64 | 1.4.0 | 13.00 | 693.00 | 706.00 | OK | |
r-oldrel-macos-arm64 | 1.4.0 | 173.00 | NOTE | |||
r-oldrel-macos-x86_64 | 1.4.0 | 307.00 | NOTE | |||
r-oldrel-windows-x86_64 | 1.4.0 | 19.00 | 556.00 | 575.00 | NOTE |
Version: 1.4.0
Check: package dependencies
Result: NOTE
Package suggested but not available for checking: ‘rTubeDB’
Flavors: r-oldrel-macos-arm64, r-oldrel-macos-x86_64, r-oldrel-windows-x86_64
Version: 1.4.0
Check: Rd cross-references
Result: NOTE
Package unavailable to check Rd xrefs: ‘rTubeDB’
Flavors: r-oldrel-macos-arm64, r-oldrel-macos-x86_64, r-oldrel-windows-x86_64