Last updated on 2025-11-04 05:51:17 CET.
| Flavor | Version | Tinstall | Tcheck | Ttotal | Status | Flags | 
|---|---|---|---|---|---|---|
| r-devel-linux-x86_64-debian-clang | 0.1.6 | 2.91 | 34.31 | 37.22 | NOTE | |
| r-devel-linux-x86_64-debian-gcc | 0.1.6 | 2.42 | 27.15 | 29.57 | NOTE | |
| r-devel-linux-x86_64-fedora-clang | 0.1.6 | 54.56 | OK | |||
| r-devel-linux-x86_64-fedora-gcc | 0.1.6 | 65.63 | OK | |||
| r-devel-windows-x86_64 | 0.1.6 | 4.00 | 60.00 | 64.00 | OK | |
| r-patched-linux-x86_64 | 0.1.6 | 3.22 | 32.71 | 35.93 | OK | |
| r-release-linux-x86_64 | 0.1.6 | 2.43 | 32.53 | 34.96 | OK | |
| r-release-macos-arm64 | 0.1.6 | 2.00 | 25.00 | 27.00 | OK | |
| r-release-macos-x86_64 | 0.1.6 | 3.00 | 54.00 | 57.00 | OK | |
| r-release-windows-x86_64 | 0.1.6 | 4.00 | 60.00 | 64.00 | OK | |
| r-oldrel-macos-arm64 | 0.1.6 | 2.00 | 23.00 | 25.00 | OK | |
| r-oldrel-macos-x86_64 | 0.1.6 | 2.00 | 38.00 | 40.00 | OK | |
| r-oldrel-windows-x86_64 | 0.1.6 | 4.00 | 61.00 | 65.00 | OK | 
Version: 0.1.6
Check: CRAN incoming feasibility
Result: NOTE
  Maintainer: ‘Frank Technow <mvnggrad@fastmail.com>’
  
  No Authors@R field in DESCRIPTION.
  Please add one, modifying
    Authors@R: person(given = "Frank",
                      family = "Technow",
                      role = c("aut", "cre"),
                      email = "mvnggrad@fastmail.com")
  as necessary.
Flavors: r-devel-linux-x86_64-debian-clang, r-devel-linux-x86_64-debian-gcc