Last updated on 2025-07-13 06:48:31 CEST.
Flavor | Version | Tinstall | Tcheck | Ttotal | Status | Flags |
---|---|---|---|---|---|---|
r-devel-linux-x86_64-debian-clang | 1.6 | 5.66 | 45.18 | 50.84 | NOTE | |
r-devel-linux-x86_64-debian-gcc | 1.6 | 3.57 | 34.34 | 37.91 | NOTE | |
r-devel-linux-x86_64-fedora-clang | 1.6 | 77.22 | OK | |||
r-devel-linux-x86_64-fedora-gcc | 1.6 | 73.79 | OK | |||
r-devel-windows-x86_64 | 1.6 | 8.00 | 67.00 | 75.00 | OK | |
r-patched-linux-x86_64 | 1.6 | 5.70 | 42.42 | 48.12 | OK | |
r-release-linux-x86_64 | 1.6 | 5.92 | 42.51 | 48.43 | OK | |
r-release-macos-arm64 | 1.6 | 25.00 | OK | |||
r-release-macos-x86_64 | 1.6 | 40.00 | OK | |||
r-release-windows-x86_64 | 1.6 | 6.00 | 65.00 | 71.00 | OK | |
r-oldrel-macos-arm64 | 1.6 | 24.00 | OK | |||
r-oldrel-macos-x86_64 | 1.6 | 35.00 | OK | |||
r-oldrel-windows-x86_64 | 1.6 | 10.00 | 77.00 | 87.00 | OK |
Version: 1.6
Check: CRAN incoming feasibility
Result: NOTE
Maintainer: ‘John P. Nolan <jpnolan@american.edu>’
No Authors@R field in DESCRIPTION.
Please add one, modifying
Authors@R: person(given = c("John", "P."),
family = "Nolan",
role = c("aut", "cre"),
email = "jpnolan@american.edu")
as necessary.
Flavors: r-devel-linux-x86_64-debian-clang, r-devel-linux-x86_64-debian-gcc