Last updated on 2025-11-04 11:52:36 CET.
| Flavor | Version | Tinstall | Tcheck | Ttotal | Status | Flags | 
|---|---|---|---|---|---|---|
| r-devel-linux-x86_64-debian-clang | 1.1 | 8.92 | 74.11 | 83.03 | NOTE | |
| r-devel-linux-x86_64-debian-gcc | 1.1 | 6.41 | 52.63 | 59.04 | NOTE | |
| r-devel-linux-x86_64-fedora-clang | 1.1 | 19.00 | 104.35 | 123.35 | NOTE | |
| r-devel-linux-x86_64-fedora-gcc | 1.1 | 18.00 | 100.55 | 118.55 | NOTE | |
| r-devel-windows-x86_64 | 1.1 | 11.00 | 80.00 | 91.00 | NOTE | |
| r-patched-linux-x86_64 | 1.1 | 8.47 | 70.43 | 78.90 | OK | |
| r-release-linux-x86_64 | 1.1 | 8.74 | 69.59 | 78.33 | OK | |
| r-release-macos-arm64 | 1.1 | 4.00 | 38.00 | 42.00 | OK | |
| r-release-macos-x86_64 | 1.1 | 9.00 | 64.00 | 73.00 | OK | |
| r-release-windows-x86_64 | 1.1 | 10.00 | 81.00 | 91.00 | OK | |
| r-oldrel-macos-arm64 | 1.1 | 4.00 | 36.00 | 40.00 | OK | |
| r-oldrel-macos-x86_64 | 1.1 | 27.00 | 115.00 | 142.00 | OK | |
| r-oldrel-windows-x86_64 | 1.1 | 13.00 | 101.00 | 114.00 | OK | 
Version: 1.1
Check: Rd files
Result: NOTE
  checkRd: (-1) mvhtests-package.Rd:11-17: Only 3 columns allowed in this table (row 1 has 2)
  checkRd: (-1) mvhtests-package.Rd:11-17: Only 3 columns allowed in this table (row 2 has 2)
  checkRd: (-1) mvhtests-package.Rd:11-17: Only 3 columns allowed in this table (row 3 has 2)
  checkRd: (-1) mvhtests-package.Rd:11-17: Only 3 columns allowed in this table (row 4 has 2)
  checkRd: (-1) mvhtests-package.Rd:11-17: Only 3 columns allowed in this table (row 5 has 2)
Flavors: r-devel-linux-x86_64-debian-clang, r-devel-linux-x86_64-debian-gcc, r-devel-linux-x86_64-fedora-clang, r-devel-linux-x86_64-fedora-gcc, r-devel-windows-x86_64