Last updated on 2024-05-28 12:56:22 CEST.
Flavor | Version | Tinstall | Tcheck | Ttotal | Status | Flags |
---|---|---|---|---|---|---|
r-devel-linux-x86_64-debian-clang | 1.1.1 | 99.63 | 379.40 | 479.03 | NOTE | |
r-devel-linux-x86_64-debian-gcc | 1.1.1 | 69.97 | 273.52 | 343.49 | NOTE | |
r-devel-linux-x86_64-fedora-clang | 1.1.1 | 619.83 | NOTE | |||
r-devel-linux-x86_64-fedora-gcc | 1.1.1 | 614.88 | NOTE | |||
r-devel-windows-x86_64 | 1.1.1 | 70.00 | 278.00 | 348.00 | NOTE | |
r-patched-linux-x86_64 | 1.1.1 | 66.05 | 361.16 | 427.21 | NOTE | |
r-release-linux-x86_64 | 1.1.1 | 63.13 | 362.30 | 425.43 | NOTE | |
r-release-macos-arm64 | 1.1.1 | 148.00 | NOTE | |||
r-release-macos-x86_64 | 1.1.1 | 409.00 | NOTE | |||
r-release-windows-x86_64 | 1.1.1 | 69.00 | 272.00 | 341.00 | NOTE | |
r-oldrel-macos-arm64 | 1.1.1 | 144.00 | NOTE | |||
r-oldrel-macos-x86_64 | 1.1.1 | 394.00 | NOTE | |||
r-oldrel-windows-x86_64 | 1.1.1 | 91.00 | 368.00 | 459.00 | NOTE |
Version: 1.1.1
Check: package dependencies
Result: NOTE
Package suggested but not available for checking: ‘cmdstanr’
Flavors: r-devel-linux-x86_64-debian-clang, r-devel-linux-x86_64-debian-gcc, r-devel-linux-x86_64-fedora-clang, r-devel-linux-x86_64-fedora-gcc, r-devel-windows-x86_64, r-patched-linux-x86_64, r-release-linux-x86_64, r-release-macos-arm64, r-release-macos-x86_64, r-release-windows-x86_64, r-oldrel-macos-arm64, r-oldrel-macos-x86_64, r-oldrel-windows-x86_64
Version: 1.1.1
Check: Rd cross-references
Result: NOTE
Package unavailable to check Rd xrefs: ‘cmdstanr’
Flavors: r-devel-linux-x86_64-debian-clang, r-devel-linux-x86_64-debian-gcc, r-devel-linux-x86_64-fedora-clang, r-devel-linux-x86_64-fedora-gcc, r-devel-windows-x86_64, r-patched-linux-x86_64, r-release-linux-x86_64, r-release-macos-arm64, r-release-macos-x86_64, r-release-windows-x86_64, r-oldrel-macos-arm64, r-oldrel-macos-x86_64, r-oldrel-windows-x86_64
Version: 1.1.1
Check: installed package size
Result: NOTE
installed size is 5.6Mb
sub-directories of 1Mb or more:
R 1.8Mb
doc 2.0Mb
Flavors: r-devel-windows-x86_64, r-release-macos-arm64, r-release-macos-x86_64, r-release-windows-x86_64, r-oldrel-macos-arm64, r-oldrel-macos-x86_64, r-oldrel-windows-x86_64