CRAN Package Check Results for Package mvMISE

Last updated on 2025-07-13 00:48:33 CEST.

Flavor Version Tinstall Tcheck Ttotal Status Flags
r-devel-linux-x86_64-debian-clang 1.0 8.57 68.64 77.21 NOTE
r-devel-linux-x86_64-debian-gcc 1.0 5.93 51.02 56.95 NOTE
r-devel-linux-x86_64-fedora-clang 1.0 118.99 OK
r-devel-linux-x86_64-fedora-gcc 1.0 113.67 OK
r-devel-windows-x86_64 1.0 9.00 77.00 86.00 OK
r-patched-linux-x86_64 1.0 7.61 66.78 74.39 OK
r-release-linux-x86_64 1.0 8.42 65.79 74.21 OK
r-release-macos-arm64 1.0 40.00 OK
r-release-macos-x86_64 1.0 72.00 OK
r-release-windows-x86_64 1.0 8.00 81.00 89.00 OK
r-oldrel-macos-arm64 1.0 35.00 OK
r-oldrel-macos-x86_64 1.0 51.00 OK
r-oldrel-windows-x86_64 1.0 12.00 97.00 109.00 OK

Check Details

Version: 1.0
Check: CRAN incoming feasibility
Result: NOTE Maintainer: ‘Jiebiao Wang <randel.wang@gmail.com>’ No Authors@R field in DESCRIPTION. Please add one, modifying Authors@R: c(person(given = "Jiebiao", family = "Wang", role = c("aut", "cre"), email = "randel.wang@gmail.com"), person(given = c("Lin", "S."), family = "Chen", role = "aut")) as necessary. Flavors: r-devel-linux-x86_64-debian-clang, r-devel-linux-x86_64-debian-gcc

mirror server hosted at Truenetwork, Russian Federation.