Last updated on 2025-11-04 05:51:17 CET.
| Flavor | Version | Tinstall | Tcheck | Ttotal | Status | Flags | 
|---|---|---|---|---|---|---|
| r-devel-linux-x86_64-debian-clang | 1.0.0 | 136.55 | 120.63 | 257.18 | NOTE | |
| r-devel-linux-x86_64-debian-gcc | 1.0.0 | 125.69 | 96.20 | 221.89 | NOTE | |
| r-devel-linux-x86_64-fedora-clang | 1.0.0 | 261.00 | 141.81 | 402.81 | OK | |
| r-devel-linux-x86_64-fedora-gcc | 1.0.0 | 361.00 | 117.96 | 478.96 | OK | |
| r-devel-windows-x86_64 | 1.0.0 | 161.00 | 138.00 | 299.00 | OK | |
| r-patched-linux-x86_64 | 1.0.0 | 151.48 | 132.37 | 283.85 | OK | |
| r-release-linux-x86_64 | 1.0.0 | 161.40 | 130.19 | 291.59 | OK | |
| r-release-macos-arm64 | 1.0.0 | 50.00 | 41.00 | 91.00 | OK | |
| r-release-macos-x86_64 | 1.0.0 | 223.00 | 115.00 | 338.00 | OK | |
| r-release-windows-x86_64 | 1.0.0 | 153.00 | 137.00 | 290.00 | OK | |
| r-oldrel-macos-arm64 | 1.0.0 | 29.00 | 29.00 | 58.00 | NOTE | |
| r-oldrel-macos-x86_64 | 1.0.0 | 55.00 | 48.00 | 103.00 | NOTE | |
| r-oldrel-windows-x86_64 | 1.0.0 | 180.00 | 181.00 | 361.00 | NOTE | 
Version: 1.0.0
Check: CRAN incoming feasibility
Result: NOTE
  Maintainer: ‘Yuqi Tian <yuqitian35@gmail.com>’
  
  The Description field contains
    with Semiparametric Cumulative Probability Models". <arXiv:2207.02815>.
  Please refer to arXiv e-prints via their arXiv DOI <doi:10.48550/arXiv.YYMM.NNNNN>.
Flavors: r-devel-linux-x86_64-debian-clang, r-devel-linux-x86_64-debian-gcc
Version: 1.0.0
Check: installed package size
Result: NOTE
    installed size is 42.6Mb
    sub-directories of 1Mb or more:
      libs  42.3Mb
Flavors: r-oldrel-macos-arm64, r-oldrel-macos-x86_64
Version: 1.0.0
Check: for GNU extensions in Makefiles
Result: NOTE
  GNU make is a SystemRequirements.
Flavors: r-oldrel-macos-arm64, r-oldrel-macos-x86_64, r-oldrel-windows-x86_64