Last updated on 2025-05-27 18:49:55 CEST.
Flavor | Version | Tinstall | Tcheck | Ttotal | Status | Flags |
---|---|---|---|---|---|---|
r-devel-linux-x86_64-debian-clang | 0.2.6 | 52.76 | 184.57 | 237.33 | OK | |
r-devel-linux-x86_64-debian-gcc | 0.2.6 | 42.31 | 121.18 | 163.49 | OK | |
r-devel-linux-x86_64-fedora-clang | 0.2.6 | 440.85 | OK | |||
r-devel-linux-x86_64-fedora-gcc | 0.2.6 | 419.15 | OK | |||
r-devel-windows-x86_64 | 0.2.6 | 63.00 | 261.00 | 324.00 | OK | |
r-patched-linux-x86_64 | 0.2.6 | 57.17 | 177.24 | 234.41 | OK | |
r-release-linux-x86_64 | 0.2.6 | 53.31 | 176.87 | 230.18 | OK | |
r-release-macos-arm64 | 0.2.6 | 119.00 | OK | |||
r-release-macos-x86_64 | 0.2.6 | 233.00 | OK | |||
r-release-windows-x86_64 | 0.2.6 | 62.00 | 250.00 | 312.00 | OK | |
r-oldrel-macos-arm64 | 0.2.6 | 108.00 | NOTE | |||
r-oldrel-macos-x86_64 | 0.2.6 | 181.00 | NOTE | |||
r-oldrel-windows-x86_64 | 0.2.6 | 72.00 | 295.00 | 367.00 | OK |
Version: 0.2.6
Check: installed package size
Result: NOTE
installed size is 6.1Mb
sub-directories of 1Mb or more:
libs 4.7Mb
Flavors: r-oldrel-macos-arm64, r-oldrel-macos-x86_64