CRAN Package Check Results for Package multiclassPairs

Last updated on 2025-07-10 06:50:25 CEST.

Flavor Version Tinstall Tcheck Ttotal Status Flags
r-devel-linux-x86_64-debian-clang 0.4.3 17.30 183.19 200.49 NOTE
r-devel-linux-x86_64-debian-gcc 0.4.3 11.60 127.27 138.87 NOTE
r-devel-linux-x86_64-fedora-clang 0.4.3 309.49 OK
r-devel-linux-x86_64-fedora-gcc 0.4.3 310.54 OK
r-devel-windows-x86_64 0.4.3 17.00 165.00 182.00 OK
r-patched-linux-x86_64 0.4.3 17.97 173.11 191.08 OK
r-release-linux-x86_64 0.4.3 16.79 170.98 187.77 OK
r-release-macos-arm64 0.4.3 227.00 OK
r-release-macos-x86_64 0.4.3 447.00 OK
r-release-windows-x86_64 0.4.3 18.00 165.00 183.00 OK
r-oldrel-macos-arm64 0.4.3 149.00 NOTE
r-oldrel-macos-x86_64 0.4.3 127.00 OK
r-oldrel-windows-x86_64 0.4.3 24.00 229.00 253.00 OK

Check Details

Version: 0.4.3
Check: CRAN incoming feasibility
Result: NOTE Maintainer: ‘Nour-al-dain Marzouka <Nour-al-dain.Marzouka@med.lu.se>’ No Authors@R field in DESCRIPTION. Please add one, modifying Authors@R: person(given = "Nour-al-dain", family = "Marzouka", role = c("aut", "cre"), email = "nour-al-dain.marzouka@med.lu.se") as necessary. Flavors: r-devel-linux-x86_64-debian-clang, r-devel-linux-x86_64-debian-gcc

Version: 0.4.3
Check: package dependencies
Result: NOTE Package suggested but not available for checking: ‘leukemiasEset’ Flavor: r-oldrel-macos-arm64

mirror server hosted at Truenetwork, Russian Federation.