CRAN Package Check Results for Package mtscr

Last updated on 2025-07-13 18:52:49 CEST.

Flavor Version Tinstall Tcheck Ttotal Status Flags
r-devel-linux-x86_64-debian-clang 2.0.0 5.15 68.79 73.94 OK
r-devel-linux-x86_64-debian-gcc 2.0.0 3.42 49.64 53.06 OK
r-devel-linux-x86_64-fedora-clang 2.0.0 114.72 OK
r-devel-linux-x86_64-fedora-gcc 2.0.0 113.45 OK
r-devel-windows-x86_64 1.0.2 6.00 167.00 173.00 NOTE
r-patched-linux-x86_64 1.0.2 4.10 147.59 151.69 NOTE
r-release-linux-x86_64 2.0.0 4.67 61.52 66.19 OK
r-release-macos-arm64 1.0.2 70.00 NOTE
r-release-macos-x86_64 2.0.0 80.00 OK
r-release-windows-x86_64 2.0.0 6.00 83.00 89.00 OK
r-oldrel-macos-arm64 1.0.2 74.00 OK
r-oldrel-macos-x86_64 2.0.0 76.00 OK
r-oldrel-windows-x86_64 1.0.2 7.00 198.00 205.00 OK

Check Details

Version: 1.0.2
Check: DESCRIPTION meta-information
Result: NOTE Missing dependency on R >= 4.2.0 because package code uses the pipe placeholder syntax added in R 4.2.0. File(s) using such syntax: 'mtscr_score.R' Flavors: r-devel-windows-x86_64, r-patched-linux-x86_64, r-release-macos-arm64

mirror server hosted at Truenetwork, Russian Federation.