CRAN Package Check Results for Package mt

Last updated on 2025-05-27 18:49:55 CEST.

Flavor Version Tinstall Tcheck Ttotal Status Flags
r-devel-linux-x86_64-debian-clang 2.0-1.20 6.69 160.87 167.56 NOTE
r-devel-linux-x86_64-debian-gcc 2.0-1.20 5.85 108.54 114.39 NOTE
r-devel-linux-x86_64-fedora-clang 2.0-1.20 261.27 OK
r-devel-linux-x86_64-fedora-gcc 2.0-1.20 255.87 OK
r-devel-windows-x86_64 2.0-1.20 11.00 182.00 193.00 NOTE
r-patched-linux-x86_64 2.0-1.20 11.16 155.24 166.40 NOTE
r-release-linux-x86_64 2.0-1.20 8.85 153.17 162.02 NOTE
r-release-macos-arm64 2.0-1.20 78.00 OK
r-release-macos-x86_64 2.0-1.20 159.00 OK
r-release-windows-x86_64 2.0-1.20 10.00 185.00 195.00 NOTE
r-oldrel-macos-arm64 2.0-1.20 74.00 OK
r-oldrel-macos-x86_64 2.0-1.20 124.00 OK
r-oldrel-windows-x86_64 2.0-1.20 14.00 225.00 239.00 OK

Check Details

Version: 2.0-1.20
Check: CRAN incoming feasibility
Result: NOTE Maintainer: ‘Wanchang Lin <wanchanglin@hotmail.com>’ No Authors@R field in DESCRIPTION. Please add one, modifying Authors@R: person(given = "Wanchang", family = "Lin", role = c("aut", "cre"), email = "wanchanglin@hotmail.com") as necessary. Flavors: r-devel-linux-x86_64-debian-clang, r-devel-linux-x86_64-debian-gcc

Version: 2.0-1.20
Check: Rd cross-references
Result: NOTE Found the following Rd file(s) with Rd \link{} targets missing package anchors: cor.util.Rd: xyplot data.visualisation.Rd: xyplot grpplot.Rd: xyplot mdsplot.Rd: xyplot panel.elli.Rd: xyplot, panel.ellipse panel.smooth.line.Rd: xyplot pcaplot.Rd: xyplot plot.pcalda.Rd: xyplot plot.plsc.Rd: xyplot Please provide package anchors for all Rd \link{} targets not in the package itself and the base packages. Flavors: r-devel-linux-x86_64-debian-clang, r-devel-linux-x86_64-debian-gcc, r-devel-windows-x86_64, r-patched-linux-x86_64, r-release-linux-x86_64, r-release-windows-x86_64

mirror server hosted at Truenetwork, Russian Federation.