CRAN Package Check Results for Package msgr

Last updated on 2025-07-13 00:48:33 CEST.

Flavor Version Tinstall Tcheck Ttotal Status Flags
r-devel-linux-x86_64-debian-clang 1.1.2 3.05 32.39 35.44 OK
r-devel-linux-x86_64-debian-gcc 1.1.2 2.32 25.19 27.51 OK
r-devel-linux-x86_64-fedora-clang 1.1.2 52.92 OK
r-devel-linux-x86_64-fedora-gcc 1.1.2 50.97 OK
r-devel-windows-x86_64 1.1.2 5.00 53.00 58.00 OK
r-patched-linux-x86_64 1.1.2 3.80 29.81 33.61 OK
r-release-linux-x86_64 1.1.2 3.29 29.88 33.17 OK
r-release-macos-arm64 1.1.2 24.00 OK
r-release-macos-x86_64 1.1.2 36.00 OK
r-release-windows-x86_64 1.1.2 4.00 57.00 61.00 OK
r-oldrel-macos-arm64 1.1.2 20.00 NOTE
r-oldrel-macos-x86_64 1.1.2 29.00 NOTE
r-oldrel-windows-x86_64 1.1.2 7.00 61.00 68.00 NOTE

Check Details

Version: 1.1.2
Check: LazyData
Result: NOTE 'LazyData' is specified without a 'data' directory Flavors: r-oldrel-macos-arm64, r-oldrel-macos-x86_64, r-oldrel-windows-x86_64

mirror server hosted at Truenetwork, Russian Federation.