Last updated on 2025-11-04 05:51:17 CET.
| Flavor | Version | Tinstall | Tcheck | Ttotal | Status | Flags | 
|---|---|---|---|---|---|---|
| r-devel-linux-x86_64-debian-clang | 0.1.1 | 1.48 | 20.15 | 21.63 | NOTE | |
| r-devel-linux-x86_64-debian-gcc | 0.1.1 | 1.41 | 16.81 | 18.22 | NOTE | |
| r-devel-linux-x86_64-fedora-clang | 0.1.1 | 32.38 | OK | |||
| r-devel-linux-x86_64-fedora-gcc | 0.1.1 | 30.29 | OK | |||
| r-devel-windows-x86_64 | 0.1.1 | 2.00 | 37.00 | 39.00 | OK | |
| r-patched-linux-x86_64 | 0.1.1 | 1.60 | 18.97 | 20.57 | OK | |
| r-release-linux-x86_64 | 0.1.1 | 1.54 | 19.23 | 20.77 | OK | |
| r-release-macos-arm64 | 0.1.1 | 1.00 | 18.00 | 19.00 | OK | |
| r-release-macos-x86_64 | 0.1.1 | 2.00 | 27.00 | 29.00 | OK | |
| r-release-windows-x86_64 | 0.1.1 | 2.00 | 38.00 | 40.00 | OK | |
| r-oldrel-macos-arm64 | 0.1.1 | 1.00 | 13.00 | 14.00 | NOTE | |
| r-oldrel-macos-x86_64 | 0.1.1 | 2.00 | 20.00 | 22.00 | NOTE | |
| r-oldrel-windows-x86_64 | 0.1.1 | 3.00 | 44.00 | 47.00 | NOTE | 
Version: 0.1.1
Check: CRAN incoming feasibility
Result: NOTE
  Maintainer: ‘Abirami S <abirami89@gmail.com>’
  
  No Authors@R field in DESCRIPTION.
  Please add one, modifying
    Authors@R: person(given = "Abirami",
                      family = "S",
                      role = c("aut", "cre"),
                      email = "abirami89@gmail.com")
  as necessary.
Flavors: r-devel-linux-x86_64-debian-clang, r-devel-linux-x86_64-debian-gcc
Version: 0.1.1
Check: LazyData
Result: NOTE
    'LazyData' is specified without a 'data' directory
Flavors: r-oldrel-macos-arm64, r-oldrel-macos-x86_64, r-oldrel-windows-x86_64