Last updated on 2025-11-04 13:50:20 CET.
| Flavor | Version | Tinstall | Tcheck | Ttotal | Status | Flags |
|---|---|---|---|---|---|---|
| r-devel-linux-x86_64-debian-clang | 1.0.6 | 7.68 | 69.83 | 77.51 | NOTE | |
| r-devel-linux-x86_64-debian-gcc | 1.0.6 | 5.62 | 48.91 | 54.53 | NOTE | |
| r-devel-linux-x86_64-fedora-clang | 1.0.6 | 16.00 | 99.47 | 115.47 | NOTE | |
| r-devel-linux-x86_64-fedora-gcc | 1.0.6 | 15.00 | 91.32 | 106.32 | NOTE | |
| r-devel-windows-x86_64 | 1.0.6 | 9.00 | 86.00 | 95.00 | NOTE | |
| r-patched-linux-x86_64 | 1.0.6 | 7.83 | 63.41 | 71.24 | NOTE | |
| r-release-linux-x86_64 | 1.0.6 | 6.11 | 63.29 | 69.40 | NOTE | |
| r-release-macos-arm64 | 1.0.6 | 3.00 | 32.00 | 35.00 | NOTE | |
| r-release-macos-x86_64 | 1.0.6 | 6.00 | 58.00 | 64.00 | NOTE | |
| r-release-windows-x86_64 | 1.0.6 | 9.00 | 86.00 | 95.00 | NOTE | |
| r-oldrel-macos-arm64 | 1.0.6 | 3.00 | 41.00 | 44.00 | NOTE | |
| r-oldrel-macos-x86_64 | 1.0.6 | 5.00 | 50.00 | 55.00 | NOTE | |
| r-oldrel-windows-x86_64 | 1.0.6 | 13.00 | 105.00 | 118.00 | NOTE |
Version: 1.0.6
Check: Rd files
Result: NOTE
checkRd: (-1) glmfence.Rd:21: Lost braces; missing escapes or markup?
21 | is performed where the boundary is cstar*hat(sigma)_{M,tildeM}.}
| ^
checkRd: (-1) lmfence.Rd:21: Lost braces; missing escapes or markup?
21 | is performed where the boundary is cstar*hat(sigma)_{M,tildeM}.}
| ^
Flavors: r-devel-linux-x86_64-debian-clang, r-devel-linux-x86_64-debian-gcc, r-devel-linux-x86_64-fedora-clang, r-devel-linux-x86_64-fedora-gcc, r-devel-windows-x86_64, r-patched-linux-x86_64, r-release-linux-x86_64, r-release-macos-arm64, r-release-macos-x86_64, r-release-windows-x86_64, r-oldrel-macos-arm64, r-oldrel-macos-x86_64, r-oldrel-windows-x86_64