CRAN Package Check Results for Package mpactr

Last updated on 2025-11-04 11:52:36 CET.

Flavor Version Tinstall Tcheck Ttotal Status Flags
r-devel-linux-x86_64-debian-clang 0.3.1 25.07 186.31 211.38 OK
r-devel-linux-x86_64-debian-gcc 0.3.1 18.76 124.86 143.62 OK
r-devel-linux-x86_64-fedora-clang 0.3.1 60.00 275.70 335.70 OK
r-devel-linux-x86_64-fedora-gcc 0.3.1 56.00 282.17 338.17 OK
r-devel-windows-x86_64 0.3.1 34.00 199.00 233.00 OK
r-patched-linux-x86_64 0.3.1 26.62 170.48 197.10 OK
r-release-linux-x86_64 0.3.1 27.21 172.78 199.99 OK
r-release-macos-arm64 0.3.1 13.00 96.00 109.00 OK
r-release-macos-x86_64 0.3.1 39.00 371.00 410.00 OK
r-release-windows-x86_64 0.3.1 31.00 202.00 233.00 OK
r-oldrel-macos-arm64 0.3.1 12.00 90.00 102.00 NOTE
r-oldrel-macos-x86_64 0.3.1 40.00 349.00 389.00 NOTE
r-oldrel-windows-x86_64 0.3.1 41.00 256.00 297.00 NOTE

Check Details

Version: 0.3.1
Check: installed package size
Result: NOTE installed size is 9.3Mb sub-directories of 1Mb or more: doc 4.8Mb extdata 1.9Mb libs 2.0Mb Flavors: r-oldrel-macos-arm64, r-oldrel-macos-x86_64, r-oldrel-windows-x86_64

mirror server hosted at Truenetwork, Russian Federation.