Last updated on 2025-04-16 18:50:10 CEST.
Flavor | Version | Tinstall | Tcheck | Ttotal | Status | Flags |
---|---|---|---|---|---|---|
r-devel-linux-x86_64-debian-clang | 2024.03.05 | 34.08 | 305.21 | 339.29 | OK | |
r-devel-linux-x86_64-debian-gcc | 2024.03.05 | 25.53 | 203.04 | 228.57 | OK | |
r-devel-linux-x86_64-fedora-clang | 2024.03.05 | 533.47 | OK | |||
r-devel-linux-x86_64-fedora-gcc | 2024.03.05 | 572.66 | OK | |||
r-devel-windows-x86_64 | 2024.03.05 | 33.00 | 238.00 | 271.00 | NOTE | |
r-patched-linux-x86_64 | 2024.03.05 | 36.38 | 285.91 | 322.29 | OK | |
r-release-linux-x86_64 | 2024.03.05 | 34.16 | 288.52 | 322.68 | OK | |
r-release-macos-arm64 | 2024.03.05 | 123.00 | OK | |||
r-release-macos-x86_64 | 2024.03.05 | 291.00 | OK | |||
r-release-windows-x86_64 | 2024.03.05 | 32.00 | 234.00 | 266.00 | OK | |
r-oldrel-macos-arm64 | 2024.03.05 | 137.00 | OK | |||
r-oldrel-macos-x86_64 | 2024.03.05 | 204.00 | OK | |||
r-oldrel-windows-x86_64 | 2024.03.05 | 44.00 | 332.00 | 376.00 | WARN |
Version: 2024.03.05
Check: foreign function calls
Result: NOTE
(process:131964): GLib-GIO-CRITICAL **: 12:38:41.557: g_wcsdup: assertion 'str != NULL' failed
See chapter 'System and foreign language interfaces' in the 'Writing R
Extensions' manual.
Flavor: r-devel-windows-x86_64
Version: 2024.03.05
Check: replacement functions
Result: WARN
(process:88660): GLib-GIO-CRITICAL **: 15:04:50.615: g_wcsdup: assertion 'str != NULL' failed
The argument of a replacement function which corresponds to the right
hand side must be named 'value'.
Flavor: r-oldrel-windows-x86_64