Last updated on 2025-11-04 05:51:17 CET.
| Flavor | Version | Tinstall | Tcheck | Ttotal | Status | Flags | 
|---|---|---|---|---|---|---|
| r-devel-linux-x86_64-debian-clang | 0.1.3 | 454.99 | 267.94 | 722.93 | OK | |
| r-devel-linux-x86_64-debian-gcc | 0.1.3 | 407.63 | 215.71 | 623.34 | OK | |
| r-devel-linux-x86_64-fedora-clang | 0.1.3 | 424.00 | 686.32 | 1110.32 | OK | |
| r-devel-linux-x86_64-fedora-gcc | 0.1.3 | 501.00 | 888.63 | 1389.63 | OK | |
| r-devel-windows-x86_64 | 0.1.3 | 491.00 | 292.00 | 783.00 | OK | |
| r-patched-linux-x86_64 | 0.1.3 | 508.20 | 295.97 | 804.17 | OK | |
| r-release-linux-x86_64 | 0.1.3 | 502.11 | 296.83 | 798.94 | OK | |
| r-release-macos-arm64 | 0.1.3 | 194.00 | 99.00 | 293.00 | OK | |
| r-release-macos-x86_64 | 0.1.3 | 165.00 | 109.00 | 274.00 | OK | |
| r-release-windows-x86_64 | 0.1.3 | 477.00 | 289.00 | 766.00 | OK | |
| r-oldrel-macos-arm64 | 0.1.3 | 182.00 | 69.00 | 251.00 | NOTE | |
| r-oldrel-macos-x86_64 | 0.1.3 | 172.00 | 136.00 | 308.00 | NOTE | |
| r-oldrel-windows-x86_64 | 0.1.3 | 557.00 | 386.00 | 943.00 | NOTE | 
Version: 0.1.3
Check: installed package size
Result: NOTE
    installed size is 86.8Mb
    sub-directories of 1Mb or more:
      doc    1.0Mb
      libs  85.2Mb
Flavors: r-oldrel-macos-arm64, r-oldrel-macos-x86_64, r-oldrel-windows-x86_64
Version: 0.1.3
Check: for GNU extensions in Makefiles
Result: NOTE
  GNU make is a SystemRequirements.
Flavors: r-oldrel-macos-arm64, r-oldrel-macos-x86_64, r-oldrel-windows-x86_64