Last updated on 2025-07-16 00:49:47 CEST.
Flavor | Version | Tinstall | Tcheck | Ttotal | Status | Flags |
---|---|---|---|---|---|---|
r-devel-linux-x86_64-debian-clang | 0.1.3 | 442.94 | 246.85 | 689.79 | OK | |
r-devel-linux-x86_64-debian-gcc | 0.1.3 | 424.69 | 207.03 | 631.72 | OK | |
r-devel-linux-x86_64-fedora-clang | 0.1.3 | 1067.05 | OK | |||
r-devel-linux-x86_64-fedora-gcc | 0.1.3 | 1370.48 | OK | |||
r-devel-windows-x86_64 | 0.1.3 | 460.00 | 292.00 | 752.00 | OK | |
r-patched-linux-x86_64 | 0.1.3 | 527.65 | 280.56 | 808.21 | OK | |
r-release-linux-x86_64 | 0.1.3 | 501.73 | 282.51 | 784.24 | OK | |
r-release-macos-arm64 | 0.1.3 | 293.00 | OK | |||
r-release-macos-x86_64 | 0.1.3 | 274.00 | OK | |||
r-release-windows-x86_64 | 0.1.3 | 476.00 | 302.00 | 778.00 | OK | |
r-oldrel-macos-arm64 | 0.1.3 | 251.00 | NOTE | |||
r-oldrel-macos-x86_64 | 0.1.3 | 308.00 | NOTE | |||
r-oldrel-windows-x86_64 | 0.1.3 | 566.00 | 373.00 | 939.00 | NOTE |
Version: 0.1.3
Check: installed package size
Result: NOTE
installed size is 86.8Mb
sub-directories of 1Mb or more:
doc 1.0Mb
libs 85.2Mb
Flavors: r-oldrel-macos-arm64, r-oldrel-macos-x86_64, r-oldrel-windows-x86_64
Version: 0.1.3
Check: for GNU extensions in Makefiles
Result: NOTE
GNU make is a SystemRequirements.
Flavors: r-oldrel-macos-arm64, r-oldrel-macos-x86_64, r-oldrel-windows-x86_64