Last updated on 2025-05-27 18:49:55 CEST.
Flavor | Version | Tinstall | Tcheck | Ttotal | Status | Flags |
---|---|---|---|---|---|---|
r-devel-linux-x86_64-debian-clang | 0.3.1 | 6.69 | 71.17 | 77.86 | NOTE | |
r-devel-linux-x86_64-debian-gcc | 0.3.1 | 3.88 | 51.74 | 55.62 | NOTE | |
r-devel-linux-x86_64-fedora-clang | 0.3.1 | 117.75 | OK | |||
r-devel-linux-x86_64-fedora-gcc | 0.3.1 | 127.50 | OK | |||
r-devel-windows-x86_64 | 0.3.1 | 9.00 | 94.00 | 103.00 | OK | |
r-patched-linux-x86_64 | 0.3.1 | 6.32 | 66.24 | 72.56 | OK | |
r-release-linux-x86_64 | 0.3.1 | 6.23 | 66.43 | 72.66 | OK | |
r-release-macos-arm64 | 0.3.1 | 75.00 | OK | |||
r-release-macos-x86_64 | 0.3.1 | 75.00 | OK | |||
r-release-windows-x86_64 | 0.3.1 | 10.00 | 91.00 | 101.00 | OK | |
r-oldrel-macos-arm64 | 0.3.1 | 38.00 | OK | |||
r-oldrel-macos-x86_64 | 0.3.1 | 62.00 | OK | |||
r-oldrel-windows-x86_64 | 0.3.1 | 11.00 | 112.00 | 123.00 | OK |
Version: 0.3.1
Check: CRAN incoming feasibility
Result: NOTE
Maintainer: ‘Keon-Woong Moon <cardiomoon@gmail.com>’
Package CITATION file contains call(s) to old-style citEntry(). Please
use bibentry() instead.
Flavors: r-devel-linux-x86_64-debian-clang, r-devel-linux-x86_64-debian-gcc