Last updated on 2025-07-16 07:49:12 CEST.
Flavor | Version | Tinstall | Tcheck | Ttotal | Status | Flags |
---|---|---|---|---|---|---|
r-devel-linux-x86_64-debian-clang | 1.0 | 4.66 | 32.22 | 36.88 | NOTE | |
r-devel-linux-x86_64-debian-gcc | 1.0 | 3.29 | 24.66 | 27.95 | NOTE | |
r-devel-linux-x86_64-fedora-clang | 1.0 | 56.97 | OK | |||
r-devel-linux-x86_64-fedora-gcc | 1.0 | 54.73 | OK | |||
r-devel-windows-x86_64 | 1.0 | 5.00 | 55.00 | 60.00 | OK | |
r-patched-linux-x86_64 | 1.0 | 5.06 | 30.10 | 35.16 | OK | |
r-release-linux-x86_64 | 1.0 | 4.19 | 30.17 | 34.36 | OK | |
r-release-macos-arm64 | 1.0 | 22.00 | OK | |||
r-release-macos-x86_64 | 1.0 | 34.00 | OK | |||
r-release-windows-x86_64 | 1.0 | 6.00 | 59.00 | 65.00 | OK | |
r-oldrel-macos-arm64 | 1.0 | 17.00 | OK | |||
r-oldrel-macos-x86_64 | 1.0 | 29.00 | OK | |||
r-oldrel-windows-x86_64 | 1.0 | 7.00 | 63.00 | 70.00 | OK |
Version: 1.0
Check: CRAN incoming feasibility
Result: NOTE
Maintainer: ‘Dan Murphy <chiefmurphy@gmail.com>’
No Authors@R field in DESCRIPTION.
Please add one, modifying
Authors@R: person(given = "Dan",
family = "Murphy",
role = c("aut", "cre"),
email = "chiefmurphy@gmail.com")
as necessary.
Flavors: r-devel-linux-x86_64-debian-clang, r-devel-linux-x86_64-debian-gcc