CRAN Package Check Results for Package modsem

Last updated on 2025-02-21 17:50:49 CET.

Flavor Version Tinstall Tcheck Ttotal Status Flags
r-devel-linux-x86_64-debian-clang 1.0.6 69.39 781.34 850.73 NOTE
r-devel-linux-x86_64-debian-gcc 1.0.6 46.16 490.70 536.86 NOTE
r-devel-linux-x86_64-fedora-clang 1.0.6 1279.45 NOTE
r-devel-linux-x86_64-fedora-gcc 1.0.6 1579.69 NOTE
r-devel-macos-arm64 1.0.6 303.00 OK
r-devel-macos-x86_64 1.0.6 522.00 NOTE
r-devel-windows-x86_64 1.0.6 68.00 413.00 481.00 NOTE
r-patched-linux-x86_64 1.0.6 66.75 822.02 888.77 OK
r-release-linux-x86_64 1.0.6 64.94 834.32 899.26 OK
r-release-macos-arm64 1.0.6 284.00 NOTE
r-release-macos-x86_64 1.0.6 585.00 NOTE
r-release-windows-x86_64 1.0.6 68.00 420.00 488.00 OK
r-oldrel-macos-arm64 1.0.5 253.00 NOTE
r-oldrel-macos-x86_64 1.0.6 423.00 NOTE
r-oldrel-windows-x86_64 1.0.6 86.00 470.00 556.00 OK

Check Details

Version: 1.0.6
Check: DESCRIPTION meta-information
Result: NOTE Missing dependency on R >= 4.1.0 because package code uses the pipe |> or function shorthand \(...) syntax added in R 4.1.0. File(s) using such syntax: ‘constraints_pi_ca.R’ ‘construct_matrices_da.R’ ‘cov_model.R’ ‘equations_lms.R’ ‘generics_modsem_da.R’ ‘labelled_params_da.R’ ‘modsem_mplus.R’ ‘modsem_pi.R’ ‘parser.R’ ‘plot_interaction.R’ ‘quadrature.R’ ‘residual_cov_pi.R’ ‘tokenizer.R’ ‘trace_paths_wright.R’ ‘utils.R’ ‘utils_da.R’ ‘utils_pi.R’ Flavors: r-devel-linux-x86_64-debian-clang, r-devel-linux-x86_64-debian-gcc, r-devel-linux-x86_64-fedora-clang, r-devel-linux-x86_64-fedora-gcc, r-devel-macos-x86_64, r-devel-windows-x86_64

Version: 1.0.6
Check: installed package size
Result: NOTE installed size is 6.5Mb sub-directories of 1Mb or more: libs 4.6Mb Flavors: r-release-macos-arm64, r-release-macos-x86_64, r-oldrel-macos-x86_64

Version: 1.0.5
Check: installed package size
Result: NOTE installed size is 6.3Mb sub-directories of 1Mb or more: libs 4.4Mb Flavor: r-oldrel-macos-arm64

mirror server hosted at Truenetwork, Russian Federation.