CRAN Package Check Results for Package modelfactory

Last updated on 2025-02-22 11:51:35 CET.

Flavor Version Tinstall Tcheck Ttotal Status Flags
r-devel-linux-x86_64-debian-clang 1.0.0 1.66 25.16 26.82 NOTE
r-devel-linux-x86_64-debian-gcc 1.0.0 1.49 19.46 20.95 NOTE
r-devel-linux-x86_64-fedora-clang 1.0.0 42.56 NOTE
r-devel-linux-x86_64-fedora-gcc 1.0.0 40.53 NOTE
r-devel-macos-arm64 1.0.0 19.00 OK
r-devel-macos-x86_64 1.0.0 30.00 NOTE
r-devel-windows-x86_64 1.0.0 3.00 51.00 54.00 NOTE
r-patched-linux-x86_64 1.0.0 6.60 23.59 30.19 OK
r-release-linux-x86_64 1.0.0 1.69 23.94 25.63 OK
r-release-macos-arm64 1.0.0 16.00 OK
r-release-macos-x86_64 1.0.0 25.00 OK
r-release-windows-x86_64 1.0.0 3.00 45.00 48.00 OK
r-oldrel-macos-arm64 1.0.0 27.00 OK
r-oldrel-macos-x86_64 1.0.0 31.00 OK
r-oldrel-windows-x86_64 1.0.0 4.00 52.00 56.00 OK

Check Details

Version: 1.0.0
Check: DESCRIPTION meta-information
Result: NOTE Missing dependency on R >= 4.1.0 because package code uses the pipe |> or function shorthand \(...) syntax added in R 4.1.0. File(s) using such syntax: ‘combine.R’ Flavors: r-devel-linux-x86_64-debian-clang, r-devel-linux-x86_64-debian-gcc, r-devel-linux-x86_64-fedora-clang, r-devel-linux-x86_64-fedora-gcc, r-devel-macos-x86_64, r-devel-windows-x86_64

Version: 1.0.0
Check: Rd cross-references
Result: NOTE Found the following Rd file(s) with Rd \link{} targets missing package anchors: stack_coeff.Rd: tibble stack_metrics.Rd: tibble Please provide package anchors for all Rd \link{} targets not in the package itself and the base packages. Flavors: r-devel-linux-x86_64-debian-clang, r-devel-linux-x86_64-debian-gcc, r-devel-windows-x86_64

Version: 1.0.0
Check: dependencies in R code
Result: NOTE Namespace in Imports field not imported from: ‘MASS’ All declared Imports should be used. Flavors: r-devel-linux-x86_64-fedora-clang, r-devel-linux-x86_64-fedora-gcc

mirror server hosted at Truenetwork, Russian Federation.