CRAN Package Check Results for Package modelc

Last updated on 2025-07-11 12:49:25 CEST.

Flavor Version Tinstall Tcheck Ttotal Status Flags
r-devel-linux-x86_64-debian-clang 1.0.0.0 1.68 20.71 22.39 OK
r-devel-linux-x86_64-debian-gcc 1.0.0.0 1.45 17.35 18.80 OK
r-devel-linux-x86_64-fedora-clang 1.0.0.0 33.37 OK
r-devel-linux-x86_64-fedora-gcc 1.0.0.0 30.89 OK
r-devel-windows-x86_64 1.0.0.0 3.00 48.00 51.00 OK
r-patched-linux-x86_64 1.0.0.0 1.71 18.31 20.02 OK
r-release-linux-x86_64 1.0.0.0 1.69 18.10 19.79 OK
r-release-macos-arm64 1.0.0.0 16.00 OK
r-release-macos-x86_64 1.0.0.0 28.00 OK
r-release-windows-x86_64 1.0.0.0 4.00 42.00 46.00 OK
r-oldrel-macos-arm64 1.0.0.0 15.00 NOTE
r-oldrel-macos-x86_64 1.0.0.0 21.00 NOTE
r-oldrel-windows-x86_64 1.0.0.0 3.00 43.00 46.00 NOTE

Check Details

Version: 1.0.0.0
Check: LazyData
Result: NOTE 'LazyData' is specified without a 'data' directory Flavors: r-oldrel-macos-arm64, r-oldrel-macos-x86_64, r-oldrel-windows-x86_64

mirror server hosted at Truenetwork, Russian Federation.