Last updated on 2025-05-22 06:51:51 CEST.
Flavor | Version | Tinstall | Tcheck | Ttotal | Status | Flags |
---|---|---|---|---|---|---|
r-devel-linux-x86_64-debian-clang | 2.0.1 | 7.77 | 58.66 | 66.43 | OK | |
r-devel-linux-x86_64-debian-gcc | 2.0.1 | 5.11 | 42.83 | 47.94 | OK | |
r-devel-linux-x86_64-fedora-clang | 2.0.1 | 102.27 | NOTE | |||
r-devel-linux-x86_64-fedora-gcc | 2.0.1 | 95.24 | NOTE | |||
r-devel-windows-x86_64 | 2.0.1 | 9.00 | 77.00 | 86.00 | OK | |
r-patched-linux-x86_64 | 2.0.1 | 7.52 | 55.29 | 62.81 | OK | |
r-release-linux-x86_64 | 2.0.1 | 6.97 | 55.46 | 62.43 | OK | |
r-release-macos-arm64 | 2.0.1 | 33.00 | OK | |||
r-release-macos-x86_64 | 2.0.1 | 87.00 | OK | |||
r-release-windows-x86_64 | 2.0.1 | 10.00 | 77.00 | 87.00 | OK | |
r-oldrel-macos-arm64 | 2.0.1 | 34.00 | OK | |||
r-oldrel-macos-x86_64 | 2.0.1 | 44.00 | OK | |||
r-oldrel-windows-x86_64 | 2.0.1 | 12.00 | 102.00 | 114.00 | OK |
Version: 2.0.1
Check: dependencies in R code
Result: NOTE
Namespace in Imports field not imported from: ‘tibble’
All declared Imports should be used.
Flavors: r-devel-linux-x86_64-fedora-clang, r-devel-linux-x86_64-fedora-gcc