CRAN Package Check Results for Package mod

Last updated on 2025-05-22 18:52:11 CEST.

Flavor Version Tinstall Tcheck Ttotal Status Flags
r-devel-linux-x86_64-debian-clang 0.1.3 1.90 21.82 23.72 OK
r-devel-linux-x86_64-debian-gcc 0.1.3 1.36 17.47 18.83 OK
r-devel-linux-x86_64-fedora-clang 0.1.3 34.64 OK
r-devel-linux-x86_64-fedora-gcc 0.1.3 32.75 OK
r-devel-windows-x86_64 0.1.3 3.00 61.00 64.00 OK
r-patched-linux-x86_64 0.1.3 1.97 19.78 21.75 OK
r-release-linux-x86_64 0.1.3 1.85 19.75 21.60 OK
r-release-macos-arm64 0.1.3 17.00 OK
r-release-macos-x86_64 0.1.3 28.00 OK
r-release-windows-x86_64 0.1.3 3.00 70.00 73.00 OK
r-oldrel-macos-arm64 0.1.3 15.00 NOTE
r-oldrel-macos-x86_64 0.1.3 37.00 NOTE
r-oldrel-windows-x86_64 0.1.3 3.00 52.00 55.00 NOTE

Check Details

Version: 0.1.3
Check: LazyData
Result: NOTE 'LazyData' is specified without a 'data' directory Flavors: r-oldrel-macos-arm64, r-oldrel-macos-x86_64, r-oldrel-windows-x86_64

mirror server hosted at Truenetwork, Russian Federation.