CRAN Package Check Results for Package mnorm

Last updated on 2025-07-13 06:48:30 CEST.

Flavor Version Tinstall Tcheck Ttotal Status Flags
r-devel-linux-x86_64-debian-clang 1.2.2 122.69 26.96 149.65 OK
r-devel-linux-x86_64-debian-gcc 1.2.2 94.88 22.40 117.28 OK
r-devel-linux-x86_64-fedora-clang 1.2.2 283.26 OK
r-devel-linux-x86_64-fedora-gcc 1.2.2 295.32 OK
r-devel-windows-x86_64 1.2.2 135.00 74.00 209.00 OK
r-patched-linux-x86_64 1.2.2 141.85 25.86 167.71 OK
r-release-linux-x86_64 1.2.2 140.61 25.61 166.22 OK
r-release-macos-arm64 1.2.2 65.00 OK
r-release-macos-x86_64 1.2.2 89.00 OK
r-release-windows-x86_64 1.2.2 139.00 82.00 221.00 OK
r-oldrel-macos-arm64 1.2.2 61.00 NOTE
r-oldrel-macos-x86_64 1.2.2 70.00 NOTE
r-oldrel-windows-x86_64 1.2.2 164.00 86.00 250.00 OK

Check Details

Version: 1.2.2
Check: installed package size
Result: NOTE installed size is 10.6Mb sub-directories of 1Mb or more: libs 10.4Mb Flavors: r-oldrel-macos-arm64, r-oldrel-macos-x86_64

mirror server hosted at Truenetwork, Russian Federation.