Last updated on 2025-11-04 05:51:17 CET.
| Flavor | Version | Tinstall | Tcheck | Ttotal | Status | Flags | 
|---|---|---|---|---|---|---|
| r-devel-linux-x86_64-debian-clang | 1.0.2 | 119.93 | 82.93 | 202.86 | OK | |
| r-devel-linux-x86_64-debian-gcc | 1.0.2 | 91.35 | 64.20 | 155.55 | OK | |
| r-devel-linux-x86_64-fedora-clang | 1.0.2 | 175.00 | 169.97 | 344.97 | OK | |
| r-devel-linux-x86_64-fedora-gcc | 1.0.2 | 113.00 | 263.64 | 376.64 | OK | |
| r-devel-windows-x86_64 | 1.0.2 | 123.00 | 123.00 | 246.00 | OK | |
| r-patched-linux-x86_64 | 1.0.2 | 124.28 | 90.02 | 214.30 | OK | |
| r-release-linux-x86_64 | 1.0.2 | 132.86 | 90.34 | 223.20 | OK | |
| r-release-macos-arm64 | 1.0.2 | 43.00 | 47.00 | 90.00 | OK | |
| r-release-macos-x86_64 | 1.0.2 | 39.00 | 85.00 | 124.00 | OK | |
| r-release-windows-x86_64 | 1.0.2 | 118.00 | 115.00 | 233.00 | OK | |
| r-oldrel-macos-arm64 | 1.0.2 | 47.00 | 47.00 | 94.00 | NOTE | |
| r-oldrel-macos-x86_64 | 1.0.2 | 33.00 | 83.00 | 116.00 | NOTE | |
| r-oldrel-windows-x86_64 | 1.0.2 | 147.00 | 160.00 | 307.00 | OK | 
Version: 1.0.2
Check: installed package size
Result: NOTE
    installed size is 19.6Mb
    sub-directories of 1Mb or more:
      libs  19.4Mb
Flavors: r-oldrel-macos-arm64, r-oldrel-macos-x86_64