Last updated on 2025-02-21 17:50:48 CET.
Flavor | Version | Tinstall | Tcheck | Ttotal | Status | Flags |
---|---|---|---|---|---|---|
r-devel-linux-x86_64-debian-clang | 0.1 | 18.47 | 22.14 | 40.61 | OK | |
r-devel-linux-x86_64-debian-gcc | 0.1 | 12.96 | 17.37 | 30.33 | OK | |
r-devel-linux-x86_64-fedora-clang | 0.1 | 75.01 | OK | |||
r-devel-linux-x86_64-fedora-gcc | 0.1 | 68.37 | OK | |||
r-devel-macos-arm64 | 0.1 | 22.00 | OK | |||
r-devel-macos-x86_64 | 0.1 | 34.00 | OK | |||
r-devel-windows-x86_64 | 0.1 | 20.00 | 68.00 | 88.00 | OK | |
r-patched-linux-x86_64 | 0.1 | 17.38 | 21.29 | 38.67 | NOTE | |
r-release-linux-x86_64 | 0.1 | 17.54 | 21.13 | 38.67 | NOTE | |
r-release-macos-arm64 | 0.1 | 23.00 | NOTE | |||
r-release-macos-x86_64 | 0.1 | 31.00 | NOTE | |||
r-release-windows-x86_64 | 0.1 | 21.00 | 64.00 | 85.00 | NOTE | |
r-oldrel-macos-arm64 | 0.1 | 23.00 | NOTE | |||
r-oldrel-macos-x86_64 | 0.1 | 38.00 | NOTE | |||
r-oldrel-windows-x86_64 | 0.1 | 26.00 | 96.00 | 122.00 | NOTE |
Version: 0.1
Check: LazyData
Result: NOTE
'LazyData' is specified without a 'data' directory
Flavors: r-patched-linux-x86_64, r-release-linux-x86_64, r-release-macos-arm64, r-release-macos-x86_64, r-release-windows-x86_64, r-oldrel-macos-arm64, r-oldrel-macos-x86_64, r-oldrel-windows-x86_64