Last updated on 2025-11-04 05:51:17 CET.
| Flavor | Version | Tinstall | Tcheck | Ttotal | Status | Flags | 
|---|---|---|---|---|---|---|
| r-devel-linux-x86_64-debian-clang | 0.3.15 | 465.73 | 198.59 | 664.32 | OK | |
| r-devel-linux-x86_64-debian-gcc | 0.3.15 | 421.90 | 166.08 | 587.98 | OK | |
| r-devel-linux-x86_64-fedora-clang | 0.3.15 | 2280.00 | -1135.85 | 1144.15 | OK | |
| r-devel-linux-x86_64-fedora-gcc | 0.3.15 | 1320.00 | 62.43 | 1382.43 | OK | |
| r-devel-windows-x86_64 | 0.3.15 | 508.00 | 295.00 | 803.00 | OK | |
| r-patched-linux-x86_64 | 0.3.15 | 556.44 | 231.05 | 787.49 | OK | |
| r-release-linux-x86_64 | 0.3.15 | 553.94 | 221.13 | 775.07 | OK | |
| r-release-macos-arm64 | 0.3.15 | 195.00 | 66.00 | 261.00 | OK | |
| r-release-macos-x86_64 | 0.3.15 | 210.00 | 216.00 | 426.00 | OK | |
| r-release-windows-x86_64 | 0.3.15 | 503.00 | 290.00 | 793.00 | OK | |
| r-oldrel-macos-arm64 | 0.3.15 | 189.00 | 94.00 | 283.00 | NOTE | |
| r-oldrel-macos-x86_64 | 0.3.15 | 223.00 | 179.00 | 402.00 | NOTE | |
| r-oldrel-windows-x86_64 | 0.3.15 | 590.00 | 329.00 | 919.00 | NOTE | 
Version: 0.3.15
Check: installed package size
Result: NOTE
    installed size is 121.2Mb
    sub-directories of 1Mb or more:
      libs  119.4Mb
Flavors: r-oldrel-macos-arm64, r-oldrel-macos-x86_64, r-oldrel-windows-x86_64