Last updated on 2025-11-03 23:50:24 CET.
| Flavor | Version | Tinstall | Tcheck | Ttotal | Status | Flags | 
|---|---|---|---|---|---|---|
| r-devel-linux-x86_64-debian-clang | 0.1.1 | 212.95 | 71.98 | 284.93 | NOTE | |
| r-devel-linux-x86_64-debian-gcc | 0.1.1 | 133.01 | 47.24 | 180.25 | NOTE | |
| r-devel-linux-x86_64-fedora-clang | 0.1.1 | 388.00 | 189.84 | 577.84 | NOTE | |
| r-devel-linux-x86_64-fedora-gcc | 0.1.1 | 325.00 | 182.96 | 507.96 | NOTE | |
| r-devel-windows-x86_64 | 0.1.1 | 258.00 | 108.00 | 366.00 | NOTE | |
| r-patched-linux-x86_64 | 0.1.1 | 210.12 | 62.30 | 272.42 | NOTE | |
| r-release-linux-x86_64 | 0.1.1 | 212.52 | 62.20 | 274.72 | NOTE | |
| r-release-macos-arm64 | 0.1.1 | 81.00 | 48.00 | 129.00 | NOTE | |
| r-release-macos-x86_64 | 0.1.1 | 86.00 | 90.00 | 176.00 | NOTE | |
| r-release-windows-x86_64 | 0.1.1 | 250.00 | 105.00 | 355.00 | NOTE | |
| r-oldrel-macos-arm64 | 0.1.1 | 83.00 | 35.00 | 118.00 | NOTE | |
| r-oldrel-macos-x86_64 | 0.1.1 | 61.00 | 55.00 | 116.00 | NOTE | |
| r-oldrel-windows-x86_64 | 0.1.1 | 299.00 | 134.00 | 433.00 | OK | 
Version: 0.1.1
Check: DESCRIPTION meta-information
Result: NOTE
    Missing dependency on R >= 4.1.0 because package code uses the pipe
    |> or function shorthand \(...) syntax added in R 4.1.0.
    File(s) using such syntax:
      ‘mmcif_data.Rd’ ‘mmcif_fit.Rd’ ‘mmcif_logLik.Rd’ ‘mmcif_pd_cond.Rd’
      ‘mmcif_pd_univariate.Rd’ ‘mmcif_sandwich.Rd’ ‘mmcif_start_values.Rd’
Flavors: r-devel-linux-x86_64-debian-clang, r-devel-linux-x86_64-debian-gcc, r-devel-linux-x86_64-fedora-clang, r-devel-linux-x86_64-fedora-gcc, r-devel-windows-x86_64, r-patched-linux-x86_64, r-release-linux-x86_64, r-release-macos-arm64, r-release-macos-x86_64, r-release-windows-x86_64
Version: 0.1.1
Check: Rd cross-references
Result: NOTE
  Found the following Rd file(s) with Rd \link{} targets missing package
  anchors:
    mmcif_fit.Rd: auglag
  Please provide package anchors for all Rd \link{} targets not in the
  package itself and the base packages.
Flavors: r-devel-linux-x86_64-debian-clang, r-devel-linux-x86_64-debian-gcc, r-devel-windows-x86_64, r-patched-linux-x86_64, r-release-linux-x86_64, r-release-windows-x86_64
Version: 0.1.1
Check: installed package size
Result: NOTE
    installed size is 16.8Mb
    sub-directories of 1Mb or more:
      doc    1.3Mb
      libs  15.0Mb
Flavors: r-oldrel-macos-arm64, r-oldrel-macos-x86_64