Last updated on 2025-11-04 05:51:17 CET.
| Flavor | Version | Tinstall | Tcheck | Ttotal | Status | Flags | 
|---|---|---|---|---|---|---|
| r-devel-linux-x86_64-debian-clang | 0.13.3 | 3.19 | 102.38 | 105.57 | NOTE | |
| r-devel-linux-x86_64-debian-gcc | 0.13.3 | 2.26 | 66.87 | 69.13 | NOTE | |
| r-devel-linux-x86_64-fedora-clang | 0.13.3 | 15.00 | 160.52 | 175.52 | NOTE | |
| r-devel-linux-x86_64-fedora-gcc | 0.13.3 | 174.97 | NOTE | |||
| r-devel-windows-x86_64 | 0.13.3 | 5.00 | 110.00 | 115.00 | OK | |
| r-patched-linux-x86_64 | 0.13.3 | 3.67 | 97.14 | 100.81 | OK | |
| r-release-linux-x86_64 | 0.13.3 | 3.19 | 98.52 | 101.71 | OK | |
| r-release-macos-arm64 | 0.13.3 | 2.00 | 66.00 | 68.00 | OK | |
| r-release-macos-x86_64 | 0.13.3 | 3.00 | 109.00 | 112.00 | OK | |
| r-release-windows-x86_64 | 0.13.3 | 5.00 | 110.00 | 115.00 | OK | |
| r-oldrel-macos-arm64 | 0.13.3 | 2.00 | 53.00 | 55.00 | NOTE | |
| r-oldrel-macos-x86_64 | 0.13.3 | 2.00 | 86.00 | 88.00 | NOTE | |
| r-oldrel-windows-x86_64 | 0.13.3 | 6.00 | 154.00 | 160.00 | NOTE | 
Version: 0.13.3
Check: CRAN incoming feasibility
Result: NOTE
  Maintainer: ‘Sebastian Hönel <sebastian.honel@lnu.se>’
  
  No Authors@R field in DESCRIPTION.
  Please add one, modifying
    Authors@R: person(given = "Sebastian",
                      family = "Hönel",
                      role = c("aut", "cre"),
                      email = "sebastian.honel@lnu.se")
  as necessary.
Flavors: r-devel-linux-x86_64-debian-clang, r-devel-linux-x86_64-debian-gcc
Version: 0.13.3
Check: dependencies in R code
Result: NOTE
  Namespaces in Imports field not imported from:
    ‘datasets’ ‘doParallel’ ‘parallel’
    All declared Imports should be used.
Flavors: r-devel-linux-x86_64-fedora-clang, r-devel-linux-x86_64-fedora-gcc
Version: 0.13.3
Check: LazyData
Result: NOTE
    'LazyData' is specified without a 'data' directory
Flavors: r-oldrel-macos-arm64, r-oldrel-macos-x86_64, r-oldrel-windows-x86_64