Last updated on 2025-11-04 05:51:17 CET.
| Flavor | Version | Tinstall | Tcheck | Ttotal | Status | Flags | 
|---|---|---|---|---|---|---|
| r-devel-linux-x86_64-debian-clang | 1.4.0 | 15.63 | 488.33 | 503.96 | OK | |
| r-devel-linux-x86_64-debian-gcc | 1.4.0 | 8.25 | 333.07 | 341.32 | OK | |
| r-devel-linux-x86_64-fedora-clang | 1.4.0 | 53.00 | 774.55 | 827.55 | OK | |
| r-devel-linux-x86_64-fedora-gcc | 1.4.0 | 31.00 | 683.80 | 714.80 | OK | |
| r-devel-windows-x86_64 | 1.4.0 | 18.00 | 458.00 | 476.00 | OK | |
| r-patched-linux-x86_64 | 1.4.0 | 16.57 | 447.04 | 463.61 | OK | |
| r-release-linux-x86_64 | 1.4.0 | 13.55 | 453.81 | 467.36 | OK | |
| r-release-macos-arm64 | 1.4.0 | 7.00 | 169.00 | 176.00 | OK | |
| r-release-macos-x86_64 | 1.4.0 | 17.00 | 391.00 | 408.00 | OK | |
| r-release-windows-x86_64 | 1.4.0 | 15.00 | 450.00 | 465.00 | OK | |
| r-oldrel-macos-arm64 | 1.4.0 | 6.00 | 157.00 | 163.00 | NOTE | |
| r-oldrel-macos-x86_64 | 1.4.0 | 10.00 | 368.00 | 378.00 | NOTE | |
| r-oldrel-windows-x86_64 | 1.4.0 | 21.00 | 620.00 | 641.00 | NOTE | 
Version: 1.4.0
Check: DESCRIPTION meta-information
Result: NOTE
  Package listed in more than one of Depends, Imports, Suggests, Enhances:
    ‘rush’
  A package should be listed in only one of these fields.
Flavors: r-oldrel-macos-arm64, r-oldrel-macos-x86_64, r-oldrel-windows-x86_64