CRAN Package Check Results for Package mlquantify

Last updated on 2025-05-21 12:48:34 CEST.

Flavor Version Tinstall Tcheck Ttotal Status Flags
r-devel-linux-x86_64-debian-clang 0.2.0 2.68 37.10 39.78 OK
r-devel-linux-x86_64-debian-gcc 0.2.0 1.75 28.96 30.71 OK
r-devel-linux-x86_64-fedora-clang 0.2.0 59.43 NOTE
r-devel-linux-x86_64-fedora-gcc 0.2.0 56.46 NOTE
r-devel-windows-x86_64 0.2.0 5.00 66.00 71.00 OK
r-patched-linux-x86_64 0.2.0 2.97 33.42 36.39 OK
r-release-linux-x86_64 0.2.0 2.61 33.38 35.99 OK
r-release-macos-arm64 0.2.0 26.00 OK
r-release-macos-x86_64 0.2.0 38.00 OK
r-release-windows-x86_64 0.2.0 5.00 71.00 76.00 OK
r-oldrel-macos-arm64 0.2.0 26.00 OK
r-oldrel-macos-x86_64 0.2.0 39.00 OK
r-oldrel-windows-x86_64 0.2.0 6.00 72.00 78.00 OK

Check Details

Version: 0.2.0
Check: dependencies in R code
Result: NOTE Namespaces in Imports field not imported from: ‘caret’ ‘randomForest’ All declared Imports should be used. Flavors: r-devel-linux-x86_64-fedora-clang, r-devel-linux-x86_64-fedora-gcc

mirror server hosted at Truenetwork, Russian Federation.