Last updated on 2025-02-21 17:50:48 CET.
Flavor | Version | Tinstall | Tcheck | Ttotal | Status | Flags |
---|---|---|---|---|---|---|
r-devel-linux-x86_64-debian-clang | 4.5.1 | 1952.52 | 54.87 | 2007.39 | OK | |
r-devel-linux-x86_64-debian-gcc | 4.5.1 | 1475.30 | 40.08 | 1515.38 | OK | |
r-devel-linux-x86_64-fedora-clang | 4.5.1 | 3202.16 | ERROR | |||
r-devel-linux-x86_64-fedora-gcc | 4.5.1 | 4158.83 | OK | |||
r-devel-macos-arm64 | 4.5.1 | 792.00 | OK | |||
r-devel-macos-x86_64 | 4.5.1 | 577.00 | OK | |||
r-devel-windows-x86_64 | 4.5.1 | 1786.00 | 203.00 | 1989.00 | OK | |
r-patched-linux-x86_64 | 4.5.1 | 2073.10 | 52.65 | 2125.75 | OK | |
r-release-linux-x86_64 | 4.5.1 | 2049.28 | 52.87 | 2102.15 | OK | |
r-release-macos-arm64 | 4.5.1 | 681.00 | NOTE | |||
r-release-macos-x86_64 | 4.5.1 | 562.00 | NOTE | |||
r-release-windows-x86_64 | 4.5.1 | 1804.00 | 188.00 | 1992.00 | NOTE | |
r-oldrel-macos-arm64 | 4.5.1 | 742.00 | NOTE | |||
r-oldrel-macos-x86_64 | 4.5.1 | 603.00 | NOTE | |||
r-oldrel-windows-x86_64 | 4.5.1 | 2197.00 | 258.00 | 2455.00 | NOTE |
Version: 4.5.1
Check: whether package can be installed
Result: ERROR
Installation failed.
Flavor: r-devel-linux-x86_64-fedora-clang
Version: 4.5.1
Check: installed package size
Result: NOTE
installed size is 243.0Mb
sub-directories of 1Mb or more:
include 10.0Mb
libs 232.6Mb
Flavors: r-release-macos-arm64, r-release-macos-x86_64, r-release-windows-x86_64, r-oldrel-macos-arm64, r-oldrel-macos-x86_64, r-oldrel-windows-x86_64