Last updated on 2025-11-04 11:52:36 CET.
| Flavor | Version | Tinstall | Tcheck | Ttotal | Status | Flags | 
|---|---|---|---|---|---|---|
| r-devel-linux-x86_64-debian-clang | 4.6.3 | 2014.84 | 61.67 | 2076.51 | OK | |
| r-devel-linux-x86_64-debian-gcc | 4.6.3 | 1493.54 | 43.14 | 1536.68 | OK | |
| r-devel-linux-x86_64-fedora-clang | 4.6.3 | 1440.00 | 2222.74 | 3662.74 | OK | |
| r-devel-linux-x86_64-fedora-gcc | 4.6.3 | 1440.00 | 2766.45 | 4206.45 | OK | |
| r-devel-windows-x86_64 | 4.6.3 | 2040.00 | 215.00 | 2255.00 | OK | |
| r-patched-linux-x86_64 | 4.6.3 | 2123.95 | 56.88 | 2180.83 | OK | |
| r-release-linux-x86_64 | 4.6.3 | 2120.23 | 57.79 | 2178.02 | OK | |
| r-release-macos-arm64 | 4.6.3 | 840.00 | 32.00 | 872.00 | OK | |
| r-release-macos-x86_64 | 4.6.3 | 660.00 | 22.00 | 682.00 | OK | |
| r-release-windows-x86_64 | 4.6.3 | 1889.00 | 217.00 | 2106.00 | OK | |
| r-oldrel-macos-arm64 | 4.6.3 | 840.00 | 15.00 | 855.00 | NOTE | |
| r-oldrel-macos-x86_64 | 4.6.3 | 600.00 | 103.00 | 703.00 | NOTE | |
| r-oldrel-windows-x86_64 | 4.6.3 | 2451.00 | 299.00 | 2750.00 | NOTE | 
Version: 4.6.3
Check: installed package size
Result: NOTE
    installed size is 243.5Mb
    sub-directories of 1Mb or more:
      include   10.6Mb
      libs     232.5Mb
Flavors: r-oldrel-macos-arm64, r-oldrel-macos-x86_64, r-oldrel-windows-x86_64