Last updated on 2025-11-03 23:50:24 CET.
| Flavor | Version | Tinstall | Tcheck | Ttotal | Status | Flags | 
|---|---|---|---|---|---|---|
| r-devel-linux-x86_64-debian-clang | 0.1.0 | 2.23 | 22.58 | 24.81 | NOTE | |
| r-devel-linux-x86_64-debian-gcc | 0.1.0 | 1.52 | 18.13 | 19.65 | NOTE | |
| r-devel-linux-x86_64-fedora-clang | 0.1.0 | 35.57 | OK | |||
| r-devel-linux-x86_64-fedora-gcc | 0.1.0 | 33.44 | OK | |||
| r-devel-windows-x86_64 | 0.1.0 | 6.00 | 42.00 | 48.00 | OK | |
| r-patched-linux-x86_64 | 0.1.0 | 2.53 | 21.12 | 23.65 | OK | |
| r-release-linux-x86_64 | 0.1.0 | 2.04 | 21.00 | 23.04 | OK | |
| r-release-macos-arm64 | 0.1.0 | 1.00 | 16.00 | 17.00 | OK | |
| r-release-macos-x86_64 | 0.1.0 | 3.00 | 28.00 | 31.00 | OK | |
| r-release-windows-x86_64 | 0.1.0 | 5.00 | 44.00 | 49.00 | OK | |
| r-oldrel-macos-arm64 | 0.1.0 | 1.00 | 14.00 | 15.00 | NOTE | |
| r-oldrel-macos-x86_64 | 0.1.0 | 2.00 | 19.00 | 21.00 | NOTE | |
| r-oldrel-windows-x86_64 | 0.1.0 | 4.00 | 44.00 | 48.00 | NOTE | 
Version: 0.1.0
Check: CRAN incoming feasibility
Result: NOTE
  Maintainer: ‘Philip D. Waggoner <philip.waggoner@gmail.com>’
  
  No Authors@R field in DESCRIPTION.
  Please add one, modifying
    Authors@R: person(given = c("Philip", "D."),
                      family = "Waggoner",
                      role = c("aut", "cre"),
                      email = "philip.waggoner@gmail.com")
  as necessary.
Flavors: r-devel-linux-x86_64-debian-clang, r-devel-linux-x86_64-debian-gcc
Version: 0.1.0
Check: LazyData
Result: NOTE
    'LazyData' is specified without a 'data' directory
Flavors: r-oldrel-macos-arm64, r-oldrel-macos-x86_64, r-oldrel-windows-x86_64