Last updated on 2025-02-21 17:50:48 CET.
Flavor | Version | Tinstall | Tcheck | Ttotal | Status | Flags |
---|---|---|---|---|---|---|
r-devel-linux-x86_64-debian-clang | 0.1.5 | 124.16 | 28.06 | 152.22 | OK | |
r-devel-linux-x86_64-debian-gcc | 0.1.5 | 83.68 | 20.89 | 104.57 | OK | |
r-devel-linux-x86_64-fedora-clang | 0.1.5 | 292.33 | OK | |||
r-devel-linux-x86_64-fedora-gcc | 0.1.5 | 279.01 | OK | |||
r-devel-macos-arm64 | 0.1.5 | 53.00 | OK | |||
r-devel-macos-x86_64 | 0.1.5 | 64.00 | OK | |||
r-devel-windows-x86_64 | 0.1.5 | 117.00 | 76.00 | 193.00 | OK | |
r-patched-linux-x86_64 | 0.1.5 | 118.35 | 25.60 | 143.95 | OK | |
r-release-linux-x86_64 | 0.1.5 | 123.69 | 26.85 | 150.54 | OK | |
r-release-macos-arm64 | 0.1.5 | 62.00 | NOTE | |||
r-release-macos-x86_64 | 0.1.5 | 78.00 | NOTE | |||
r-release-windows-x86_64 | 0.1.5 | 119.00 | 65.00 | 184.00 | OK | |
r-oldrel-macos-arm64 | 0.1.4 | 59.00 | NOTE | |||
r-oldrel-macos-x86_64 | 0.1.5 | 104.00 | NOTE | |||
r-oldrel-windows-x86_64 | 0.1.5 | 143.00 | 85.00 | 228.00 | OK |
Version: 0.1.5
Check: installed package size
Result: NOTE
installed size is 7.1Mb
sub-directories of 1Mb or more:
libs 7.0Mb
Flavors: r-release-macos-arm64, r-release-macos-x86_64, r-oldrel-macos-x86_64
Version: 0.1.4
Check: installed package size
Result: NOTE
installed size is 7.1Mb
sub-directories of 1Mb or more:
libs 7.0Mb
Flavor: r-oldrel-macos-arm64