Last updated on 2025-11-04 11:52:35 CET.
| Flavor | Version | Tinstall | Tcheck | Ttotal | Status | Flags | 
|---|---|---|---|---|---|---|
| r-devel-linux-x86_64-debian-clang | 1.5.1 | 60.32 | 317.82 | 378.14 | OK | |
| r-devel-linux-x86_64-debian-gcc | 1.5.1 | 39.54 | 252.46 | 292.00 | OK | |
| r-devel-linux-x86_64-fedora-clang | 1.5.1 | 111.00 | 448.08 | 559.08 | OK | |
| r-devel-linux-x86_64-fedora-gcc | 1.5.1 | 120.00 | 383.69 | 503.69 | OK | |
| r-devel-windows-x86_64 | 1.5.1 | 67.00 | 235.00 | 302.00 | OK | |
| r-patched-linux-x86_64 | 1.5.1 | 59.47 | 308.34 | 367.81 | OK | |
| r-release-linux-x86_64 | 1.5.1 | 62.39 | 305.53 | 367.92 | OK | |
| r-release-macos-arm64 | 1.5.1 | 21.00 | 130.00 | 151.00 | OK | |
| r-release-macos-x86_64 | 1.5.1 | 36.00 | 293.00 | 329.00 | OK | |
| r-release-windows-x86_64 | 1.5.1 | 67.00 | 241.00 | 308.00 | OK | |
| r-oldrel-macos-arm64 | 1.5.1 | 22.00 | 130.00 | 152.00 | NOTE | |
| r-oldrel-macos-x86_64 | 1.5.1 | 30.00 | 286.00 | 316.00 | NOTE | |
| r-oldrel-windows-x86_64 | 1.5.1 | 80.00 | 330.00 | 410.00 | OK | 
Version: 1.5.1
Check: installed package size
Result: NOTE
    installed size is  6.1Mb
    sub-directories of 1Mb or more:
      doc    1.4Mb
      libs   4.5Mb
Flavors: r-oldrel-macos-arm64, r-oldrel-macos-x86_64