Last updated on 2025-11-04 05:51:16 CET.
| Flavor | Version | Tinstall | Tcheck | Ttotal | Status | Flags | 
|---|---|---|---|---|---|---|
| r-devel-linux-x86_64-debian-clang | 1.0.0 | 6.44 | 62.81 | 69.25 | NOTE | |
| r-devel-linux-x86_64-debian-gcc | 1.0.0 | 4.51 | 47.69 | 52.20 | NOTE | |
| r-devel-linux-x86_64-fedora-clang | 1.0.0 | 16.00 | 90.93 | 106.93 | OK | |
| r-devel-linux-x86_64-fedora-gcc | 1.0.0 | 14.00 | 86.89 | 100.89 | OK | |
| r-devel-windows-x86_64 | 1.0.0 | 8.00 | 74.00 | 82.00 | OK | |
| r-patched-linux-x86_64 | 1.0.0 | 6.42 | 60.61 | 67.03 | OK | |
| r-release-linux-x86_64 | 1.0.0 | 7.16 | 60.51 | 67.67 | OK | |
| r-release-macos-arm64 | 1.0.0 | 3.00 | 31.00 | 34.00 | OK | |
| r-release-macos-x86_64 | 1.0.0 | 8.00 | 65.00 | 73.00 | OK | |
| r-release-windows-x86_64 | 1.0.0 | 9.00 | 75.00 | 84.00 | OK | |
| r-oldrel-macos-arm64 | 1.0.0 | 3.00 | 29.00 | 32.00 | OK | |
| r-oldrel-macos-x86_64 | 1.0.0 | 9.00 | 44.00 | 53.00 | OK | |
| r-oldrel-windows-x86_64 | 1.0.0 | 10.00 | 88.00 | 98.00 | OK | 
Version: 1.0.0
Check: CRAN incoming feasibility
Result: NOTE
  Maintainer: ‘Faisal Maqbool Zahid <faisalmz99@yahoo.com>’
  
  No Authors@R field in DESCRIPTION.
  Please add one, modifying
    Authors@R: person(given = c("Faisal", "Maqbool"),
                      family = "Zahid",
                      role = c("aut", "cre"),
                      email = "faisalmz99@yahoo.com")
  as necessary.
Flavors: r-devel-linux-x86_64-debian-clang, r-devel-linux-x86_64-debian-gcc