Last updated on 2025-02-21 17:50:48 CET.
Flavor | Version | Tinstall | Tcheck | Ttotal | Status | Flags |
---|---|---|---|---|---|---|
r-devel-linux-x86_64-debian-clang | 1.44.0 | 122.08 | 239.95 | 362.03 | OK | |
r-devel-linux-x86_64-debian-gcc | 1.44.0 | 83.40 | 156.76 | 240.16 | OK | |
r-devel-linux-x86_64-fedora-clang | 1.44.0 | 604.26 | OK | |||
r-devel-linux-x86_64-fedora-gcc | 1.44.0 | 606.26 | OK | |||
r-devel-macos-arm64 | 1.44.0 | 95.00 | OK | |||
r-devel-macos-x86_64 | 1.44.0 | 262.00 | OK | |||
r-devel-windows-x86_64 | 1.44.0 | 117.00 | 250.00 | 367.00 | OK | |
r-patched-linux-x86_64 | 1.44.0 | 123.23 | 219.61 | 342.84 | OK | |
r-release-linux-x86_64 | 1.44.0 | 122.36 | 220.73 | 343.09 | OK | |
r-release-macos-arm64 | 1.44.0 | 139.00 | NOTE | |||
r-release-macos-x86_64 | 1.44.0 | 247.00 | NOTE | |||
r-release-windows-x86_64 | 1.44.0 | 121.00 | 244.00 | 365.00 | OK | |
r-oldrel-macos-arm64 | 1.43 | 269.00 | NOTE | |||
r-oldrel-macos-x86_64 | 1.44.0 | 269.00 | NOTE | |||
r-oldrel-windows-x86_64 | 1.44.0 | 150.00 | 318.00 | 468.00 | OK |
Version: 1.44.0
Check: installed package size
Result: NOTE
installed size is 10.2Mb
sub-directories of 1Mb or more:
R 2.1Mb
libs 7.5Mb
Flavors: r-release-macos-arm64, r-release-macos-x86_64, r-oldrel-macos-x86_64
Version: 1.43
Check: installed package size
Result: NOTE
installed size is 10.2Mb
sub-directories of 1Mb or more:
R 2.1Mb
libs 7.5Mb
Flavor: r-oldrel-macos-arm64