Last updated on 2025-05-29 00:48:26 CEST.
Flavor | Version | Tinstall | Tcheck | Ttotal | Status | Flags |
---|---|---|---|---|---|---|
r-devel-linux-x86_64-debian-clang | 1.44.0 | 122.77 | 241.15 | 363.92 | OK | |
r-devel-linux-x86_64-debian-gcc | 1.44.0 | 84.22 | 155.45 | 239.67 | OK | |
r-devel-linux-x86_64-fedora-clang | 1.44.0 | 606.16 | OK | |||
r-devel-linux-x86_64-fedora-gcc | 1.44.0 | 595.69 | OK | |||
r-devel-windows-x86_64 | 1.44.0 | 120.00 | 255.00 | 375.00 | OK | |
r-patched-linux-x86_64 | 1.44.0 | 128.23 | 222.31 | 350.54 | OK | |
r-release-linux-x86_64 | 1.44.0 | 118.40 | 222.96 | 341.36 | OK | |
r-release-macos-arm64 | 1.44.0 | 132.00 | OK | |||
r-release-macos-x86_64 | 1.44.0 | 269.00 | OK | |||
r-release-windows-x86_64 | 1.44.0 | 128.00 | 257.00 | 385.00 | OK | |
r-oldrel-macos-arm64 | 1.44.0 | 139.00 | NOTE | |||
r-oldrel-macos-x86_64 | 1.44.0 | 247.00 | NOTE | |||
r-oldrel-windows-x86_64 | 1.44.0 | 153.00 | 340.00 | 493.00 | OK |
Version: 1.44.0
Check: installed package size
Result: NOTE
installed size is 10.2Mb
sub-directories of 1Mb or more:
R 2.1Mb
libs 7.5Mb
Flavors: r-oldrel-macos-arm64, r-oldrel-macos-x86_64