Last updated on 2025-05-27 18:49:54 CEST.
Flavor | Version | Tinstall | Tcheck | Ttotal | Status | Flags |
---|---|---|---|---|---|---|
r-devel-linux-x86_64-debian-clang | 0.1.0 | 8.74 | 81.49 | 90.23 | NOTE | |
r-devel-linux-x86_64-debian-gcc | 0.1.0 | 0.31 | 2.75 | 3.06 | ERROR | |
r-devel-linux-x86_64-fedora-clang | 0.1.0 | 141.61 | NOTE | |||
r-devel-linux-x86_64-fedora-gcc | 0.1.0 | 151.42 | NOTE | |||
r-devel-windows-x86_64 | 0.1.0 | 11.00 | 99.00 | 110.00 | NOTE | |
r-patched-linux-x86_64 | 0.1.0 | 7.99 | 76.17 | 84.16 | NOTE | |
r-release-linux-x86_64 | 0.1.0 | 7.36 | 75.82 | 83.18 | NOTE | |
r-release-macos-arm64 | 0.1.0 | 50.00 | NOTE | |||
r-release-macos-x86_64 | 0.1.0 | 92.00 | NOTE | |||
r-release-windows-x86_64 | 0.1.0 | 9.00 | 107.00 | 116.00 | NOTE | |
r-oldrel-macos-arm64 | 0.1.0 | 55.00 | OK | |||
r-oldrel-macos-x86_64 | 0.1.0 | 81.00 | OK | |||
r-oldrel-windows-x86_64 | 0.1.0 | 12.00 | 122.00 | 134.00 | OK |
Version: 0.1.0
Check: DESCRIPTION meta-information
Result: NOTE
Missing dependency on R >= 4.1.0 because package code uses the pipe
|> or function shorthand \(...) syntax added in R 4.1.0.
File(s) using such syntax:
‘convert_nest.Rd’ ‘nest_cv.R’ ‘top_perc.R’ ‘top_perc.Rd’
‘w2l_split.Rd’
Flavors: r-devel-linux-x86_64-debian-clang, r-devel-linux-x86_64-fedora-clang, r-devel-linux-x86_64-fedora-gcc, r-devel-windows-x86_64, r-patched-linux-x86_64, r-release-linux-x86_64, r-release-macos-arm64, r-release-windows-x86_64
Version: 0.1.0
Check: package dependencies
Result: ERROR
Package required but not available: ‘arrow’
See section ‘The DESCRIPTION file’ in the ‘Writing R Extensions’
manual.
Flavor: r-devel-linux-x86_64-debian-gcc
Version: 0.1.0
Check: DESCRIPTION meta-information
Result: NOTE
Missing dependency on R >= 4.1.0 because package code uses the pipe
|> or function shorthand \(...) syntax added in R 4.1.0.
File(s) using such syntax:
‘nest_cv.R’ ‘top_perc.R’
Flavor: r-release-macos-x86_64