Last updated on 2025-11-03 23:50:23 CET.
| Flavor | Version | Tinstall | Tcheck | Ttotal | Status | Flags | 
|---|---|---|---|---|---|---|
| r-devel-linux-x86_64-debian-clang | 1.2.8 | 14.39 | 27.39 | 41.78 | OK | |
| r-devel-linux-x86_64-debian-gcc | 1.2.8 | 12.41 | 22.11 | 34.52 | OK | |
| r-devel-linux-x86_64-fedora-clang | 1.2.8 | 35.00 | 31.90 | 66.90 | OK | |
| r-devel-linux-x86_64-fedora-gcc | 1.2.8 | 42.00 | 26.60 | 68.60 | OK | |
| r-devel-windows-x86_64 | 1.2.8 | 32.00 | 63.00 | 95.00 | OK | |
| r-patched-linux-x86_64 | 1.2.8 | 14.20 | 26.17 | 40.37 | OK | |
| r-release-linux-x86_64 | 1.2.8 | 14.62 | 26.32 | 40.94 | OK | |
| r-release-macos-arm64 | 1.2.8 | 10.00 | 19.00 | 29.00 | NOTE | |
| r-release-macos-x86_64 | 1.2.8 | 15.00 | 43.00 | 58.00 | NOTE | |
| r-release-windows-x86_64 | 1.2.8 | 31.00 | 61.00 | 92.00 | OK | |
| r-oldrel-macos-arm64 | 1.2.8 | 9.00 | 21.00 | 30.00 | OK | |
| r-oldrel-macos-x86_64 | 1.2.8 | 30.00 | 61.00 | 91.00 | OK | |
| r-oldrel-windows-x86_64 | 1.2.8 | 33.00 | 78.00 | 111.00 | OK | 
Version: 1.2.8
Check: compiled code
Result: NOTE
  File ‘minqa/libs/minqa.so’:
    Found non-API call to R: ‘CLOENV’
  
  Compiled code should not call non-API entry points in R.
  
  See ‘Writing portable packages’ in the ‘Writing R Extensions’ manual,
  and section ‘Moving into C API compliance’ for issues with the use of
  non-API entry points.
Flavors: r-release-macos-arm64, r-release-macos-x86_64