Last updated on 2025-05-26 00:48:37 CEST.
Flavor | Version | Tinstall | Tcheck | Ttotal | Status | Flags |
---|---|---|---|---|---|---|
r-devel-linux-x86_64-debian-clang | 1.0.1 | 43.49 | 25.54 | 69.03 | OK | |
r-devel-linux-x86_64-debian-gcc | 1.0.1 | 34.00 | 24.28 | 58.28 | OK | |
r-devel-linux-x86_64-fedora-clang | 1.0.1 | 106.92 | OK | |||
r-devel-linux-x86_64-fedora-gcc | 1.0.1 | 138.78 | OK | |||
r-devel-windows-x86_64 | 1.0.1 | 41.00 | 66.00 | 107.00 | OK | |
r-patched-linux-x86_64 | 1.0.1 | 42.46 | 29.00 | 71.46 | OK | |
r-release-linux-x86_64 | 1.0.1 | 41.88 | 29.04 | 70.92 | OK | |
r-release-macos-arm64 | 1.0.1 | 45.00 | OK | |||
r-release-macos-x86_64 | 1.0.1 | 78.00 | OK | |||
r-release-windows-x86_64 | 1.0.1 | 41.00 | 70.00 | 111.00 | OK | |
r-oldrel-macos-arm64 | 1.0.1 | 36.00 | NOTE | |||
r-oldrel-macos-x86_64 | 1.0.1 | 57.00 | NOTE | |||
r-oldrel-windows-x86_64 | 1.0.1 | 49.00 | 79.00 | 128.00 | OK |
Version: 1.0.1
Check: installed package size
Result: NOTE
installed size is 22.5Mb
sub-directories of 1Mb or more:
libs 22.4Mb
Flavors: r-oldrel-macos-arm64, r-oldrel-macos-x86_64