Last updated on 2025-11-03 17:49:55 CET.
| Flavor | Version | Tinstall | Tcheck | Ttotal | Status | Flags |
|---|---|---|---|---|---|---|
| r-devel-linux-x86_64-debian-clang | 0.4.1 | 7.77 | 133.80 | 141.57 | OK | |
| r-devel-linux-x86_64-debian-gcc | 0.4.1 | 4.66 | 87.68 | 92.34 | OK | |
| r-devel-linux-x86_64-fedora-clang | 0.4.1 | 19.00 | 206.20 | 225.20 | OK | |
| r-devel-linux-x86_64-fedora-gcc | 0.4.1 | 15.00 | 200.06 | 215.06 | OK | |
| r-devel-windows-x86_64 | 0.4.1 | 9.00 | 138.00 | 147.00 | OK | |
| r-patched-linux-x86_64 | 0.4.1 | 8.91 | 124.85 | 133.76 | OK | |
| r-release-linux-x86_64 | 0.4.1 | 6.56 | 125.38 | 131.94 | OK | |
| r-release-macos-arm64 | 0.4.1 | 4.00 | 51.00 | 55.00 | OK | |
| r-release-macos-x86_64 | 0.4.1 | 6.00 | 123.00 | 129.00 | OK | |
| r-release-windows-x86_64 | 0.4.1 | 9.00 | 137.00 | 146.00 | OK | |
| r-oldrel-macos-arm64 | 0.4.1 | 3.00 | 56.00 | 59.00 | NOTE | |
| r-oldrel-macos-x86_64 | 0.4.1 | 7.00 | 134.00 | 141.00 | NOTE | |
| r-oldrel-windows-x86_64 | 0.4.1 | 13.00 | 176.00 | 189.00 | NOTE |
Version: 0.4.1
Check: package dependencies
Result: NOTE
Package suggested but not available for checking: ‘gurobi’
Flavors: r-oldrel-macos-arm64, r-oldrel-macos-x86_64, r-oldrel-windows-x86_64