Last updated on 2025-02-21 17:50:48 CET.
Flavor | Version | Tinstall | Tcheck | Ttotal | Status | Flags |
---|---|---|---|---|---|---|
r-devel-linux-x86_64-debian-clang | 1.4.4 | 90.11 | 61.79 | 151.90 | OK | |
r-devel-linux-x86_64-debian-gcc | 1.4.4 | 66.02 | 47.47 | 113.49 | OK | |
r-devel-linux-x86_64-fedora-clang | 1.4.4 | 289.53 | OK | |||
r-devel-linux-x86_64-fedora-gcc | 1.4.4 | 295.09 | OK | |||
r-devel-macos-arm64 | 1.4.4 | 61.00 | OK | |||
r-devel-macos-x86_64 | 1.4.4 | 99.00 | OK | |||
r-devel-windows-x86_64 | 1.4.4 | 99.00 | 103.00 | 202.00 | OK | |
r-patched-linux-x86_64 | 1.4.4 | 90.71 | 58.83 | 149.54 | OK | |
r-release-linux-x86_64 | 1.4.4 | 92.03 | 60.25 | 152.28 | OK | |
r-release-macos-arm64 | 1.4.4 | 70.00 | NOTE | |||
r-release-macos-x86_64 | 1.4.4 | 121.00 | NOTE | |||
r-release-windows-x86_64 | 1.4.4 | 102.00 | 93.00 | 195.00 | NOTE | |
r-oldrel-macos-arm64 | 1.4.4 | 78.00 | NOTE | |||
r-oldrel-macos-x86_64 | 1.4.4 | 149.00 | NOTE | |||
r-oldrel-windows-x86_64 | 1.4.4 | 120.00 | 112.00 | 232.00 | NOTE |
Version: 1.4.4
Check: installed package size
Result: NOTE
installed size is 20.5Mb
sub-directories of 1Mb or more:
doc 6.1Mb
lib 9.1Mb
libs 4.6Mb
Flavors: r-release-macos-arm64, r-release-macos-x86_64, r-release-windows-x86_64, r-oldrel-macos-arm64, r-oldrel-macos-x86_64, r-oldrel-windows-x86_64