Last updated on 2025-11-04 05:51:16 CET.
| Flavor | Version | Tinstall | Tcheck | Ttotal | Status | Flags | 
|---|---|---|---|---|---|---|
| r-devel-linux-x86_64-debian-clang | 2.1 | 13.00 | 81.01 | 94.01 | NOTE | |
| r-devel-linux-x86_64-debian-gcc | 2.1 | 8.15 | 52.69 | 60.84 | NOTE | |
| r-devel-linux-x86_64-fedora-clang | 2.1 | 32.00 | 114.15 | 146.15 | OK | |
| r-devel-linux-x86_64-fedora-gcc | 2.1 | 26.00 | 110.10 | 136.10 | OK | |
| r-devel-windows-x86_64 | 2.1 | 12.00 | 85.00 | 97.00 | OK | |
| r-patched-linux-x86_64 | 2.1 | 10.26 | 74.99 | 85.25 | OK | |
| r-release-linux-x86_64 | 2.1 | 10.99 | 75.79 | 86.78 | OK | |
| r-release-macos-arm64 | 2.1 | 5.00 | 32.00 | 37.00 | OK | |
| r-release-macos-x86_64 | 2.1 | 11.00 | 65.00 | 76.00 | OK | |
| r-release-windows-x86_64 | 2.1 | 13.00 | 84.00 | 97.00 | OK | |
| r-oldrel-macos-arm64 | 2.1 | 5.00 | 33.00 | 38.00 | OK | |
| r-oldrel-macos-x86_64 | 2.1 | 11.00 | 50.00 | 61.00 | OK | |
| r-oldrel-windows-x86_64 | 2.1 | 17.00 | 108.00 | 125.00 | OK | 
Version: 2.1
Check: CRAN incoming feasibility
Result: NOTE
  Maintainer: ‘Zheng-Zheng Tang <tang@biostat.wisc.edu>’
  
  No Authors@R field in DESCRIPTION.
  Please add one, modifying
    Authors@R: person(given = "Zheng-Zheng",
                      family = "Tang",
                      role = c("aut", "cre"),
                      email = "tang@biostat.wisc.edu")
  as necessary.
Flavors: r-devel-linux-x86_64-debian-clang, r-devel-linux-x86_64-debian-gcc