Last updated on 2025-05-27 18:49:54 CEST.
Flavor | Version | Tinstall | Tcheck | Ttotal | Status | Flags |
---|---|---|---|---|---|---|
r-devel-linux-x86_64-debian-clang | 1.1 | 1.95 | 33.78 | 35.73 | NOTE | |
r-devel-linux-x86_64-debian-gcc | 1.1 | 1.70 | 47.49 | 49.19 | NOTE | |
r-devel-linux-x86_64-fedora-clang | 1.1 | 106.84 | OK | |||
r-devel-linux-x86_64-fedora-gcc | 1.1 | 114.33 | OK | |||
r-devel-windows-x86_64 | 1.1 | 4.00 | 124.00 | 128.00 | OK | |
r-patched-linux-x86_64 | 1.1 | 3.04 | 31.75 | 34.79 | OK | |
r-release-linux-x86_64 | 1.1 | 2.06 | 31.49 | 33.55 | OK | |
r-release-macos-arm64 | 1.1 | 68.00 | OK | |||
r-release-macos-x86_64 | 1.1 | 102.00 | OK | |||
r-release-windows-x86_64 | 1.1 | 5.00 | 122.00 | 127.00 | OK | |
r-oldrel-macos-arm64 | 1.1 | 46.00 | NOTE | |||
r-oldrel-macos-x86_64 | 1.1 | 72.00 | NOTE | |||
r-oldrel-windows-x86_64 | 1.1 | 5.00 | 131.00 | 136.00 | NOTE |
Version: 1.1
Check: CRAN incoming feasibility
Result: NOTE
Maintainer: ‘Richèl J.C. Bilderbeek <richel@richelbilderbeek.nl>’
The BugReports field in DESCRIPTION has
https://github.com/richelbilderbeek/mhcnuggetsr
which should likely be
https://github.com/richelbilderbeek/mhcnuggetsr/issues
instead.
Flavors: r-devel-linux-x86_64-debian-clang, r-devel-linux-x86_64-debian-gcc
Version: 1.1
Check: LazyData
Result: NOTE
'LazyData' is specified without a 'data' directory
Flavors: r-oldrel-macos-arm64, r-oldrel-macos-x86_64, r-oldrel-windows-x86_64