Last updated on 2025-02-21 17:50:48 CET.
Flavor | Version | Tinstall | Tcheck | Ttotal | Status | Flags |
---|---|---|---|---|---|---|
r-devel-linux-x86_64-debian-clang | 1.9-1 | 96.94 | 379.92 | 476.86 | OK | |
r-devel-linux-x86_64-debian-gcc | 1.9-1 | 57.13 | 240.06 | 297.19 | OK | |
r-devel-linux-x86_64-fedora-clang | 1.9-1 | 766.89 | OK | |||
r-devel-linux-x86_64-fedora-gcc | 1.9-1 | 828.92 | OK | |||
r-devel-macos-arm64 | 1.9-1 | 183.00 | OK | |||
r-devel-macos-x86_64 | 1.9-1 | 489.00 | OK | |||
r-devel-windows-x86_64 | 1.9-1 | 94.00 | 376.00 | 470.00 | OK | |
r-patched-linux-x86_64 | 1.9-1 | 91.52 | 365.54 | 457.06 | OK | |
r-release-linux-x86_64 | 1.9-1 | 88.15 | 366.71 | 454.86 | OK | |
r-release-macos-arm64 | 1.9-1 | 193.00 | OK | |||
r-release-macos-x86_64 | 1.9-1 | 303.00 | NOTE | |||
r-release-windows-x86_64 | 1.9-1 | 94.00 | 374.00 | 468.00 | OK | |
r-oldrel-macos-arm64 | 1.9-1 | 194.00 | OK | |||
r-oldrel-macos-x86_64 | 1.9-1 | 424.00 | NOTE | |||
r-oldrel-windows-x86_64 | 1.9-1 | 121.00 | 435.00 | 556.00 | OK |
Version: 1.9-1
Check: installed package size
Result: NOTE
installed size is 5.3Mb
sub-directories of 1Mb or more:
R 2.0Mb
libs 2.1Mb
Flavors: r-release-macos-x86_64, r-oldrel-macos-x86_64