Last updated on 2025-11-04 11:52:35 CET.
| Flavor | Version | Tinstall | Tcheck | Ttotal | Status | Flags | 
|---|---|---|---|---|---|---|
| r-devel-linux-x86_64-debian-clang | 2.0.2 | 30.81 | 422.85 | 453.66 | OK | |
| r-devel-linux-x86_64-debian-gcc | 2.0.2 | 19.40 | 260.26 | 279.66 | OK | |
| r-devel-linux-x86_64-fedora-clang | 2.0.2 | 68.00 | 643.43 | 711.43 | NOTE | |
| r-devel-linux-x86_64-fedora-gcc | 2.0.2 | 59.00 | 641.11 | 700.11 | NOTE | |
| r-devel-windows-x86_64 | 2.0.2 | 30.00 | 405.00 | 435.00 | OK | |
| r-patched-linux-x86_64 | 2.0.2 | 29.31 | 396.06 | 425.37 | OK | |
| r-release-linux-x86_64 | 2.0.2 | 27.62 | 397.48 | 425.10 | OK | |
| r-release-macos-arm64 | 2.0.2 | 13.00 | 148.00 | 161.00 | OK | |
| r-release-macos-x86_64 | 2.0.2 | 27.00 | 314.00 | 341.00 | OK | |
| r-release-windows-x86_64 | 2.0.2 | 30.00 | 395.00 | 425.00 | OK | |
| r-oldrel-macos-arm64 | 2.0.2 | 12.00 | 132.00 | 144.00 | NOTE | |
| r-oldrel-macos-x86_64 | 2.0.2 | 18.00 | 231.00 | 249.00 | NOTE | |
| r-oldrel-windows-x86_64 | 2.0.2 | 39.00 | 486.00 | 525.00 | NOTE | 
Version: 2.0.2
Check: dependencies in R code
Result: NOTE
  Namespaces in Imports field not imported from:
    ‘boot’ ‘energy’
    All declared Imports should be used.
Flavors: r-devel-linux-x86_64-fedora-clang, r-devel-linux-x86_64-fedora-gcc
Version: 2.0.2
Check: LazyData
Result: NOTE
    'LazyData' is specified without a 'data' directory
Flavors: r-oldrel-macos-arm64, r-oldrel-macos-x86_64, r-oldrel-windows-x86_64