Last updated on 2025-11-03 23:50:23 CET.
| Flavor | Version | Tinstall | Tcheck | Ttotal | Status | Flags | 
|---|---|---|---|---|---|---|
| r-devel-linux-x86_64-debian-clang | 0.1-4 | 8.33 | 64.56 | 72.89 | NOTE | |
| r-devel-linux-x86_64-debian-gcc | 0.1-4 | 5.43 | 47.33 | 52.76 | NOTE | |
| r-devel-linux-x86_64-fedora-clang | 0.1-4 | 16.00 | 91.96 | 107.96 | OK | |
| r-devel-linux-x86_64-fedora-gcc | 0.1-4 | 15.00 | 88.16 | 103.16 | OK | |
| r-devel-windows-x86_64 | 0.1-4 | 8.00 | 75.00 | 83.00 | OK | |
| r-patched-linux-x86_64 | 0.1-4 | 7.21 | 61.43 | 68.64 | OK | |
| r-release-linux-x86_64 | 0.1-4 | 7.21 | 61.55 | 68.76 | OK | |
| r-release-macos-arm64 | 0.1-4 | 4.00 | 32.00 | 36.00 | OK | |
| r-release-macos-x86_64 | 0.1-4 | 7.00 | 56.00 | 63.00 | OK | |
| r-release-windows-x86_64 | 0.1-4 | 8.00 | 69.00 | 77.00 | OK | |
| r-oldrel-macos-arm64 | 0.1-4 | 4.00 | 30.00 | 34.00 | OK | |
| r-oldrel-macos-x86_64 | 0.1-4 | 5.00 | 44.00 | 49.00 | OK | |
| r-oldrel-windows-x86_64 | 0.1-4 | 11.00 | 88.00 | 99.00 | OK | 
Version: 0.1-4
Check: CRAN incoming feasibility
Result: NOTE
  Maintainer: ‘Cai Li <cai.li.stats@gmail.com>’
  
  No Authors@R field in DESCRIPTION.
  Please add one, modifying
    Authors@R: c(person(given = "Cai",
                        family = "Li",
                        role = c("aut", "cre"),
                        email = "cai.li.stats@gmail.com"),
                 person(given = "Luo",
                        family = "Xiao",
                        role = "aut"))
  as necessary.
Flavors: r-devel-linux-x86_64-debian-clang, r-devel-linux-x86_64-debian-gcc