Last updated on 2025-11-03 23:50:23 CET.
| Flavor | Version | Tinstall | Tcheck | Ttotal | Status | Flags | 
|---|---|---|---|---|---|---|
| r-devel-linux-x86_64-debian-clang | 0.2.1 | 25.52 | 159.04 | 184.56 | NOTE | |
| r-devel-linux-x86_64-debian-gcc | 0.2.1 | 17.84 | 105.86 | 123.70 | NOTE | |
| r-devel-linux-x86_64-fedora-clang | 0.2.1 | 50.00 | 258.98 | 308.98 | NOTE | |
| r-devel-linux-x86_64-fedora-gcc | 0.2.1 | 34.00 | 287.61 | 321.61 | NOTE | |
| r-devel-windows-x86_64 | 0.2.1 | 35.00 | 204.00 | 239.00 | NOTE | |
| r-patched-linux-x86_64 | 0.2.1 | 28.94 | 156.63 | 185.57 | NOTE | |
| r-release-linux-x86_64 | 0.2.1 | 23.52 | 157.54 | 181.06 | NOTE | |
| r-release-macos-arm64 | 0.2.1 | 13.00 | 85.00 | 98.00 | NOTE | |
| r-release-macos-x86_64 | 0.2.1 | 11.00 | 165.00 | 176.00 | NOTE | |
| r-release-windows-x86_64 | 0.2.1 | 33.00 | 202.00 | 235.00 | NOTE | |
| r-oldrel-macos-arm64 | 0.2.1 | 12.00 | 76.00 | 88.00 | NOTE | |
| r-oldrel-macos-x86_64 | 0.2.1 | 11.00 | 119.00 | 130.00 | NOTE | |
| r-oldrel-windows-x86_64 | 0.2.1 | 39.00 | 281.00 | 320.00 | NOTE | 
Version: 0.2.1
Check: CRAN incoming feasibility
Result: NOTE
  Maintainer: ‘Onno Kleen <r@onnokleen.de>’
  
  Package CITATION file contains call(s) to old-style personList() or
  as.personList().  Please use c() on person objects instead.
  Package CITATION file contains call(s) to old-style citEntry().  Please
  use bibentry() instead.
Flavors: r-devel-linux-x86_64-debian-clang, r-devel-linux-x86_64-debian-gcc
Version: 0.2.1
Check: package subdirectories
Result: NOTE
  Problems with news in ‘NEWS.md’:
  No news entries found.
Flavors: r-devel-linux-x86_64-debian-clang, r-devel-linux-x86_64-debian-gcc, r-devel-linux-x86_64-fedora-clang, r-devel-linux-x86_64-fedora-gcc, r-devel-windows-x86_64, r-patched-linux-x86_64, r-release-linux-x86_64, r-release-macos-arm64, r-release-macos-x86_64, r-release-windows-x86_64, r-oldrel-macos-arm64, r-oldrel-macos-x86_64, r-oldrel-windows-x86_64