CRAN Package Check Results for Package meteoEVT

Last updated on 2025-07-16 07:49:11 CEST.

Flavor Version Tinstall Tcheck Ttotal Status Flags
r-devel-linux-x86_64-debian-clang 0.1.0 3.53 31.18 34.71 NOTE
r-devel-linux-x86_64-debian-gcc 0.1.0 2.48 24.59 27.07 NOTE
r-devel-linux-x86_64-fedora-clang 0.1.0 55.80 OK
r-devel-linux-x86_64-fedora-gcc 0.1.0 54.24 OK
r-devel-windows-x86_64 0.1.0 5.00 55.00 60.00 OK
r-patched-linux-x86_64 0.1.0 3.67 29.38 33.05 OK
r-release-linux-x86_64 0.1.0 3.58 29.09 32.67 OK
r-release-macos-arm64 0.1.0 21.00 OK
r-release-macos-x86_64 0.1.0 34.00 OK
r-release-windows-x86_64 0.1.0 5.00 58.00 63.00 OK
r-oldrel-macos-arm64 0.1.0 20.00 OK
r-oldrel-macos-x86_64 0.1.0 28.00 OK
r-oldrel-windows-x86_64 0.1.0 6.00 62.00 68.00 OK

Check Details

Version: 0.1.0
Check: CRAN incoming feasibility
Result: NOTE Maintainer: ‘Laura Mack <laum52@zedat.fu-berlin.de>’ The Description field contains <arXiv:2208.11438>]. Please refer to arXiv e-prints via their arXiv DOI <doi:10.48550/arXiv.YYMM.NNNNN>. Flavors: r-devel-linux-x86_64-debian-clang, r-devel-linux-x86_64-debian-gcc

mirror server hosted at Truenetwork, Russian Federation.